/*M!999999\- enable the sandbox mode */ 
-- MariaDB dump 10.19-11.7.2-MariaDB, for Win64 (AMD64)
--
-- Host: localhost    Database: esx
-- ------------------------------------------------------
-- Server version	11.7.2-MariaDB

/*!40101 SET @OLD_CHARACTER_SET_CLIENT=@@CHARACTER_SET_CLIENT */;
/*!40101 SET @OLD_CHARACTER_SET_RESULTS=@@CHARACTER_SET_RESULTS */;
/*!40101 SET @OLD_COLLATION_CONNECTION=@@COLLATION_CONNECTION */;
/*!40101 SET NAMES utf8mb4 */;
/*!40103 SET @OLD_TIME_ZONE=@@TIME_ZONE */;
/*!40103 SET TIME_ZONE='+00:00' */;
/*!40014 SET @OLD_UNIQUE_CHECKS=@@UNIQUE_CHECKS, UNIQUE_CHECKS=0 */;
/*!40014 SET @OLD_FOREIGN_KEY_CHECKS=@@FOREIGN_KEY_CHECKS, FOREIGN_KEY_CHECKS=0 */;
/*!40101 SET @OLD_SQL_MODE=@@SQL_MODE, SQL_MODE='NO_AUTO_VALUE_ON_ZERO' */;
/*M!100616 SET @OLD_NOTE_VERBOSITY=@@NOTE_VERBOSITY, NOTE_VERBOSITY=0 */;

--
-- Table structure for table `addon_account`
--

DROP TABLE IF EXISTS `addon_account`;
/*!40101 SET @saved_cs_client     = @@character_set_client */;
/*!40101 SET character_set_client = utf8mb4 */;
CREATE TABLE `addon_account` (
  `name` varchar(60) NOT NULL,
  `label` varchar(100) NOT NULL,
  `shared` int(11) NOT NULL
) ENGINE=InnoDB DEFAULT CHARSET=utf8mb4 COLLATE=utf8mb4_general_ci;
/*!40101 SET character_set_client = @saved_cs_client */;

--
-- Dumping data for table `addon_account`
--

LOCK TABLES `addon_account` WRITE;
/*!40000 ALTER TABLE `addon_account` DISABLE KEYS */;
INSERT INTO `addon_account` VALUES
('caution','caution',0),
('society_ambulance','EMS',1),
('society_cardealer','Cardealer',1),
('society_mechanic','Mechanic',1),
('society_police','Police',1),
('society_taxi','Taxi',1),
('society_banker','Bank',1),
('bank_savings','Savings account',0),
('society_nailsalon','nailsalon',1),
('society_realestate','Realestate',1);
/*!40000 ALTER TABLE `addon_account` ENABLE KEYS */;
UNLOCK TABLES;

--
-- Table structure for table `addon_account_data`
--

DROP TABLE IF EXISTS `addon_account_data`;
/*!40101 SET @saved_cs_client     = @@character_set_client */;
/*!40101 SET character_set_client = utf8mb4 */;
CREATE TABLE `addon_account_data` (
  `id` int(11) NOT NULL AUTO_INCREMENT,
  `account_name` varchar(100) DEFAULT NULL,
  `money` int(11) NOT NULL,
  `owner` varchar(60) DEFAULT NULL,
  PRIMARY KEY (`id`),
  UNIQUE KEY `index_addon_account_data_account_name_owner` (`account_name`,`owner`),
  KEY `index_addon_account_data_account_name` (`account_name`)
) ENGINE=InnoDB AUTO_INCREMENT=3 DEFAULT CHARSET=utf8mb4 COLLATE=utf8mb4_unicode_ci;
/*!40101 SET character_set_client = @saved_cs_client */;

--
-- Dumping data for table `addon_account_data`
--

LOCK TABLES `addon_account_data` WRITE;
/*!40000 ALTER TABLE `addon_account_data` DISABLE KEYS */;
INSERT INTO `addon_account_data` VALUES
(1,'caution',0,'char1:cd064177c962c333af574fb1958004255948991a'),
(2,'bank_savings',0,'char1:cd064177c962c333af574fb1958004255948991a');
/*!40000 ALTER TABLE `addon_account_data` ENABLE KEYS */;
UNLOCK TABLES;

--
-- Table structure for table `addon_inventory`
--

DROP TABLE IF EXISTS `addon_inventory`;
/*!40101 SET @saved_cs_client     = @@character_set_client */;
/*!40101 SET character_set_client = utf8mb4 */;
CREATE TABLE `addon_inventory` (
  `name` varchar(60) NOT NULL,
  `label` varchar(100) NOT NULL,
  `shared` int(11) NOT NULL
) ENGINE=InnoDB DEFAULT CHARSET=utf8mb4 COLLATE=utf8mb4_general_ci;
/*!40101 SET character_set_client = @saved_cs_client */;

--
-- Dumping data for table `addon_inventory`
--

LOCK TABLES `addon_inventory` WRITE;
/*!40000 ALTER TABLE `addon_inventory` DISABLE KEYS */;
INSERT INTO `addon_inventory` VALUES
('society_ambulance','EMS',1),
('society_cardealer','Cardealer',1),
('society_mechanic','Mechanic',1),
('society_police','Police',1),
('society_taxi','Taxi',1);
/*!40000 ALTER TABLE `addon_inventory` ENABLE KEYS */;
UNLOCK TABLES;

--
-- Table structure for table `addon_inventory_items`
--

DROP TABLE IF EXISTS `addon_inventory_items`;
/*!40101 SET @saved_cs_client     = @@character_set_client */;
/*!40101 SET character_set_client = utf8mb4 */;
CREATE TABLE `addon_inventory_items` (
  `id` int(11) NOT NULL,
  `inventory_name` varchar(100) NOT NULL,
  `name` varchar(100) NOT NULL,
  `count` int(11) NOT NULL,
  `owner` varchar(60) DEFAULT NULL
) ENGINE=InnoDB DEFAULT CHARSET=utf8mb4 COLLATE=utf8mb4_general_ci;
/*!40101 SET character_set_client = @saved_cs_client */;

--
-- Dumping data for table `addon_inventory_items`
--

LOCK TABLES `addon_inventory_items` WRITE;
/*!40000 ALTER TABLE `addon_inventory_items` DISABLE KEYS */;
/*!40000 ALTER TABLE `addon_inventory_items` ENABLE KEYS */;
UNLOCK TABLES;

--
-- Table structure for table `ak47_garage`
--

DROP TABLE IF EXISTS `ak47_garage`;
/*!40101 SET @saved_cs_client     = @@character_set_client */;
/*!40101 SET character_set_client = utf8mb4 */;
CREATE TABLE `ak47_garage` (
  `gid` varchar(200) NOT NULL DEFAULT '0',
  `name` varchar(200) CHARACTER SET utf8mb4 COLLATE utf8mb4_bin NOT NULL,
  `polyzone` longtext CHARACTER SET utf8mb4 COLLATE utf8mb4_bin DEFAULT NULL,
  `spawns` longtext DEFAULT NULL,
  `setting` longtext DEFAULT NULL,
  `realparked` longtext DEFAULT NULL,
  `reposition` longtext DEFAULT NULL,
  `trailerpos` longtext DEFAULT NULL
) ENGINE=InnoDB DEFAULT CHARSET=utf8mb3 COLLATE=utf8mb3_general_ci;
/*!40101 SET character_set_client = @saved_cs_client */;

--
-- Dumping data for table `ak47_garage`
--

LOCK TABLES `ak47_garage` WRITE;
/*!40000 ALTER TABLE `ak47_garage` DISABLE KEYS */;
INSERT INTO `ak47_garage` VALUES
('Garage','Garage','{\"maxZ\":78.5262222290039,\"minZ\":65.72247314453125,\"points\":[{\"x\":49.45183563232422,\"y\":16.56117439270019},{\"x\":75.7352523803711,\"y\":6.73376989364624},{\"x\":82.268310546875,\"y\":23.5911865234375},{\"x\":55.3271598815918,\"y\":32.3177604675293}]}','[{\"x\":64.11936950683594,\"y\":16.71760177612304,\"z\":69.1745376586914,\"w\":-20.04000091552734},{\"x\":61.08201599121094,\"y\":18.00565338134765,\"z\":69.23875427246094,\"w\":-20.04000091552734},{\"x\":57.9421501159668,\"y\":19.05378341674804,\"z\":69.35366821289063,\"w\":-20.04000091552734},{\"x\":54.99481964111328,\"y\":20.17880249023437,\"z\":69.57073974609375,\"w\":-20.04000091552734}]','{\"transferfee\":200,\"maxvehicle\":1,\"impoundfee\":0,\"enableparkinglimit\":false,\"realparking\":false,\"parkingfeehour\":1,\"garagetype\":\"car\",\"enableparkingfee\":false,\"enableblip\":true,\"isimpound\":false}',NULL,'{\"x\":0.0,\"y\":0.0,\"z\":0.0,\"w\":0.0}','{\n  \"x\": 70.97,\n  \"y\": 6.53,\n  \"z\": 69.08,\n  \"w\": 160.38\n}'),
('Garage - 2','Garage','{\"maxZ\":39.57317543029785,\"points\":[{\"x\":-480.66412353515627,\"y\":-792.47265625},{\"x\":-439.8951110839844,\"y\":-792.2282104492188},{\"x\":-440.4769287109375,\"y\":-821.5516967773438},{\"x\":-481.43927001953127,\"y\":-820.55859375}],\"minZ\":27.41904067993164}','[{\"x\":-476.7428894042969,\"y\":-809.8529052734375,\"z\":30.54188919067382,\"w\":-90.18000030517578},{\"x\":-476.8665466308594,\"y\":-803.665771484375,\"z\":30.54402923583984,\"w\":-90.18000030517578},{\"x\":-476.89794921875,\"y\":-797.466796875,\"z\":30.54944610595703,\"w\":-90.18000030517578},{\"x\":-459.68804931640627,\"y\":-806.806396484375,\"z\":30.53867530822754,\"w\":-90.18000030517578},{\"x\":-459.8661804199219,\"y\":-800.61083984375,\"z\":30.54292297363281,\"w\":-90.18000030517578},{\"x\":-466.489990234375,\"y\":-797.3418579101563,\"z\":30.545747756958,\"w\":-270.5400085449219},{\"x\":-466.7318115234375,\"y\":-803.6351928710938,\"z\":30.54030799865722,\"w\":-270.5400085449219},{\"x\":-445.09613037109377,\"y\":-801.0687866210938,\"z\":30.54373931884765,\"w\":-270.5400085449219},{\"x\":-444.9748229980469,\"y\":-808.5195922851563,\"z\":30.53867530822754,\"w\":-270.5400085449219}]','{\"parkingfeehour\":1,\"garagetype\":\"car\",\"impoundfee\":0,\"isimpound\":false,\"enableblip\":true,\"transferfee\":200,\"realparking\":false,\"maxvehicle\":1,\"enableparkinglimit\":false,\"enableparkingfee\":false}',NULL,'{\"x\":0.0,\"y\":0.0,\"z\":0.0,\"w\":0.0}','{\n  \"x\": -472.24,\n  \"y\": -816.33,\n  \"z\": 30.73,\n  \"w\": 179.31\n}'),
('Garage - 3','Garage','{\"minZ\":75.84706115722656,\"points\":[{\"x\":872.3851928710938,\"y\":14.03500366210937},{\"x\":949.8856811523438,\"y\":-34.81560134887695},{\"x\":936.029541015625,\"y\":-65.64025115966797},{\"x\":945.1158447265625,\"y\":-76.93810272216797},{\"x\":945.1422729492188,\"y\":-88.98252868652344},{\"x\":935.7362060546875,\"y\":-99.66121673583985},{\"x\":923.57421875,\"y\":-108.42424774169922},{\"x\":913.1348876953125,\"y\":-106.2823257446289},{\"x\":850.5361938476563,\"y\":-66.7154541015625},{\"x\":831.09521484375,\"y\":-48.38142013549805},{\"x\":828.4502563476563,\"y\":-38.669677734375},{\"x\":844.3826293945313,\"y\":-15.31196594238281}],\"maxZ\":87.90967559814453}','[{\"x\":872.4976806640625,\"y\":-9.34746074676513,\"z\":78.76408386230469,\"w\":-120.23999786376953},{\"x\":868.5919799804688,\"y\":-15.10290241241455,\"z\":78.76408386230469,\"w\":-120.23999786376953},{\"x\":864.9544067382813,\"y\":-20.92970275878906,\"z\":78.76412963867188,\"w\":-120.23999786376953},{\"x\":861.251708984375,\"y\":-26.7166690826416,\"z\":78.76412963867188,\"w\":-120.23999786376953},{\"x\":857.5806274414063,\"y\":-32.44901275634765,\"z\":78.76412963867188,\"w\":-120.23999786376953},{\"x\":853.6614379882813,\"y\":-38.13410568237305,\"z\":78.76412963867188,\"w\":-120.23999786376953},{\"x\":889.9927368164063,\"y\":-20.30607414245605,\"z\":78.76404571533203,\"w\":-120.23999786376953},{\"x\":886.2317504882813,\"y\":-26.18946075439453,\"z\":78.76404571533203,\"w\":-120.23999786376953},{\"x\":882.6587524414063,\"y\":-31.92449760437011,\"z\":78.76412963867188,\"w\":-120.23999786376953},{\"x\":878.6903076171875,\"y\":-37.73331451416015,\"z\":78.76412963867188,\"w\":-120.23999786376953},{\"x\":875.0609130859375,\"y\":-43.74169921875,\"z\":78.76412963867188,\"w\":-120.23999786376953},{\"x\":871.6641235351563,\"y\":-49.84608840942383,\"z\":78.76412963867188,\"w\":-120.23999786376953},{\"x\":867.83251953125,\"y\":-55.58551788330078,\"z\":78.76412963867188,\"w\":-120.23999786376953},{\"x\":908.4715576171875,\"y\":-31.80777168273925,\"z\":78.76404571533203,\"w\":-120.23999786376953},{\"x\":904.6915893554688,\"y\":-37.53900146484375,\"z\":78.76404571533203,\"w\":-120.23999786376953},{\"x\":900.7294311523438,\"y\":-43.35061264038086,\"z\":78.76404571533203,\"w\":-120.23999786376953},{\"x\":897.2079467773438,\"y\":-49.28718566894531,\"z\":78.76404571533203,\"w\":-120.23999786376953},{\"x\":893.6537475585938,\"y\":-55.38980102539062,\"z\":78.76404571533203,\"w\":-120.23999786376953},{\"x\":889.974365234375,\"y\":-61.33915328979492,\"z\":78.76404571533203,\"w\":-120.23999786376953},{\"x\":886.2352294921875,\"y\":-67.04998016357422,\"z\":78.76412963867188,\"w\":-120.23999786376953},{\"x\":926.9381103515625,\"y\":-43.4478530883789,\"z\":78.76404571533203,\"w\":-120.23999786376953},{\"x\":923.1212158203125,\"y\":-49.01030731201172,\"z\":78.76404571533203,\"w\":-120.23999786376953},{\"x\":919.369384765625,\"y\":-54.97927856445312,\"z\":78.76404571533203,\"w\":-120.23999786376953},{\"x\":915.8150634765625,\"y\":-60.7421646118164,\"z\":78.76404571533203,\"w\":-120.23999786376953},{\"x\":912.22119140625,\"y\":-66.73654174804688,\"z\":78.76405334472656,\"w\":-120.23999786376953},{\"x\":908.3461303710938,\"y\":-72.69779205322266,\"z\":78.76404571533203,\"w\":-120.23999786376953},{\"x\":904.9691162109375,\"y\":-78.42897033691406,\"z\":78.76404571533203,\"w\":-120.23999786376953},{\"x\":917.6287841796875,\"y\":-41.67115020751953,\"z\":78.76404571533203,\"w\":-300.6000061035156},{\"x\":914.2520141601563,\"y\":-47.47316741943359,\"z\":78.76404571533203,\"w\":-300.6000061035156},{\"x\":910.3952026367188,\"y\":-53.39625930786133,\"z\":78.76405334472656,\"w\":-300.6000061035156},{\"x\":906.7198486328125,\"y\":-59.09912872314453,\"z\":78.76404571533203,\"w\":-300.6000061035156},{\"x\":903.0963745117188,\"y\":-65.01595306396485,\"z\":78.76404571533203,\"w\":-300.6000061035156},{\"x\":899.3985595703125,\"y\":-71.01455688476563,\"z\":78.76404571533203,\"w\":-300.6000061035156},{\"x\":899.435791015625,\"y\":-30.40741348266601,\"z\":78.76404571533203,\"w\":-300.6000061035156},{\"x\":895.6166381835938,\"y\":-35.84528350830078,\"z\":78.76404571533203,\"w\":-300.6000061035156},{\"x\":891.8306274414063,\"y\":-41.86023712158203,\"z\":78.76404571533203,\"w\":-300.6000061035156},{\"x\":888.2632446289063,\"y\":-47.9370002746582,\"z\":78.76404571533203,\"w\":-300.6000061035156},{\"x\":884.6787109375,\"y\":-53.4573745727539,\"z\":78.76412963867188,\"w\":-300.6000061035156},{\"x\":881.1338500976563,\"y\":-59.43968963623047,\"z\":78.76412963867188,\"w\":-300.6000061035156},{\"x\":881.1676635742188,\"y\":-18.9796028137207,\"z\":78.76412963867188,\"w\":-300.6000061035156},{\"x\":877.5670776367188,\"y\":-24.71623611450195,\"z\":78.76412963867188,\"w\":-300.6000061035156},{\"x\":873.8314819335938,\"y\":-30.37080383300781,\"z\":78.76412963867188,\"w\":-300.6000061035156},{\"x\":870.0653686523438,\"y\":-36.23730087280273,\"z\":78.76412963867188,\"w\":-300.6000061035156},{\"x\":866.592041015625,\"y\":-42.16884613037109,\"z\":78.76412963867188,\"w\":-300.6000061035156},{\"x\":862.886962890625,\"y\":-47.91810989379883,\"z\":78.76412963867188,\"w\":-300.6000061035156}]','{\"isimpound\":false,\"maxvehicle\":1,\"impoundfee\":0,\"parkingfeehour\":1,\"enableblip\":true,\"transferfee\":200,\"enableparkingfee\":false,\"garagetype\":\"car\",\"enableparkinglimit\":false,\"realparking\":false}',NULL,'{\"x\":0.0,\"y\":0.0,\"z\":0.0,\"w\":0.0}','{\n  \"x\": 892.61,\n  \"y\": -68.8,\n  \"z\": 78.99,\n  \"w\": 148.83\n}'),
('Garage - 5','Garage','{\"minZ\":14.56522560119628,\"maxZ\":30.04203033447265,\"points\":[{\"x\":-1141.8323974609376,\"y\":-727.0499877929688},{\"x\":-1162.1146240234376,\"y\":-744.3954467773438},{\"x\":-1133.7161865234376,\"y\":-780.5192260742188},{\"x\":-1112.2760009765626,\"y\":-761.6270751953125}]}','[{\"x\":-1146.0694580078126,\"y\":-745.6967163085938,\"z\":19.63855361938476,\"w\":105.20999908447266},{\"x\":-1143.7882080078126,\"y\":-748.7709350585938,\"z\":19.4848403930664,\"w\":105.20999908447266},{\"x\":-1141.4932861328126,\"y\":-751.7605590820313,\"z\":19.33597183227539,\"w\":105.20999908447266},{\"x\":-1139.1807861328126,\"y\":-754.7450561523438,\"z\":19.18768119812011,\"w\":105.20999908447266},{\"x\":-1136.431884765625,\"y\":-757.7843017578125,\"z\":19.03168487548828,\"w\":105.20999908447266},{\"x\":-1134.1336669921876,\"y\":-760.7496948242188,\"z\":18.87215805053711,\"w\":105.20999908447266},{\"x\":-1131.971923828125,\"y\":-763.6246948242188,\"z\":18.71013832092285,\"w\":105.20999908447266},{\"x\":-1127.405517578125,\"y\":-758.5365600585938,\"z\":19.15848159790039,\"w\":-70.13999938964844},{\"x\":-1129.7708740234376,\"y\":-755.630859375,\"z\":19.30278587341308,\"w\":-70.13999938964844},{\"x\":-1132.24658203125,\"y\":-752.7177124023438,\"z\":19.44547653198242,\"w\":-70.13999938964844},{\"x\":-1134.5770263671876,\"y\":-749.490478515625,\"z\":19.60674858093261,\"w\":-70.13999938964844},{\"x\":-1137.1268310546876,\"y\":-746.5813598632813,\"z\":19.73830986022949,\"w\":-70.13999938964844},{\"x\":-1139.3709716796876,\"y\":-743.5316772460938,\"z\":19.88384819030761,\"w\":-70.13999938964844},{\"x\":-1141.80908203125,\"y\":-740.6458129882813,\"z\":20.03880500793457,\"w\":-70.13999938964844}]','{\"enableparkinglimit\":false,\"maxvehicle\":1,\"transferfee\":200,\"parkingfeehour\":1,\"garagetype\":\"car\",\"realparking\":false,\"enableparkingfee\":false,\"impoundfee\":0,\"isimpound\":false,\"enableblip\":true}',NULL,'{\"x\":0.0,\"y\":0.0,\"z\":0.0,\"w\":0.0}','{\n  \"x\": -1142.05,\n  \"y\": -720.85,\n  \"z\": 21.18,\n  \"w\": 310.77\n}'),
('Garage - 6','Garage','{\"minZ\":42.01997375488281,\"points\":[{\"x\":268.1667785644531,\"y\":-315.97552490234377},{\"x\":304.57281494140627,\"y\":-329.61163330078127},{\"x\":293.86865234375,\"y\":-359.6483154296875},{\"x\":257.6891784667969,\"y\":-345.8521728515625}],\"maxZ\":54.02089309692383}','[{\"x\":266.60797119140627,\"y\":-332.1277160644531,\"z\":44.91985702514648,\"w\":-110.22000122070313},{\"x\":268.815185546875,\"y\":-325.82171630859377,\"z\":44.91985702514648,\"w\":-110.22000122070313},{\"x\":271.2215270996094,\"y\":-319.4707946777344,\"z\":44.91985702514648,\"w\":-110.22000122070313},{\"x\":276.6396789550781,\"y\":-339.5827331542969,\"z\":44.91985702514648,\"w\":70.13999938964844},{\"x\":279.4785461425781,\"y\":-333.4839782714844,\"z\":44.91985702514648,\"w\":70.13999938964844},{\"x\":281.49560546875,\"y\":-327.05499267578127,\"z\":44.91985702514648,\"w\":70.13999938964844},{\"x\":288.07843017578127,\"y\":-329.277587890625,\"z\":44.91985702514648,\"w\":-110.22000122070313},{\"x\":285.9405517578125,\"y\":-335.84063720703127,\"z\":44.91985702514648,\"w\":-110.22000122070313},{\"x\":283.371337890625,\"y\":-342.2928771972656,\"z\":44.91985702514648,\"w\":-110.22000122070313},{\"x\":293.16741943359377,\"y\":-345.8900146484375,\"z\":44.91985702514648,\"w\":-290.5799865722656},{\"x\":295.8651123046875,\"y\":-339.6454162597656,\"z\":44.91985702514648,\"w\":-290.5799865722656},{\"x\":298.025390625,\"y\":-333.15289306640627,\"z\":44.91985702514648,\"w\":-290.5799865722656}]','{\"isimpound\":false,\"maxvehicle\":1,\"impoundfee\":0,\"parkingfeehour\":1,\"enableblip\":true,\"transferfee\":200,\"enableparkingfee\":false,\"garagetype\":\"car\",\"enableparkinglimit\":false,\"realparking\":false}',NULL,'{\"x\":0.0,\"y\":0.0,\"z\":0.0,\"w\":0.0}','{\n  \"x\": 270.91,\n  \"y\": -344.04,\n  \"z\": 45.13,\n  \"w\": 158.3\n}'),
('Garage - 4','Garage','{\"minZ\":100.39000701904297,\"maxZ\":112.39000701904297,\"points\":[{\"x\":400.2640380859375,\"y\":290.828857421875},{\"x\":387.8716125488281,\"y\":257.3028564453125},{\"x\":351.70989990234377,\"y\":272.45623779296877},{\"x\":358.5940246582031,\"y\":303.1275329589844}]}','[{\"x\":359.88616943359377,\"y\":272.6578369140625,\"z\":103.10929870605469,\"w\":-20.04000091552734},{\"x\":368.1051025390625,\"y\":269.3228454589844,\"z\":103.05876159667969,\"w\":-20.04000091552734},{\"x\":375.4936218261719,\"y\":266.50860595703127,\"z\":103.020751953125,\"w\":-20.04000091552734},{\"x\":378.87420654296877,\"y\":282.51611328125,\"z\":103.10865783691406,\"w\":-20.04000091552734},{\"x\":371.5277404785156,\"y\":285.4202880859375,\"z\":103.25918579101563,\"w\":-20.04000091552734},{\"x\":358.44549560546877,\"y\":282.2015075683594,\"z\":103.38095092773438,\"w\":-110.22000122070313},{\"x\":360.9645690917969,\"y\":289.53875732421877,\"z\":103.48045349121094,\"w\":-110.22000122070313},{\"x\":374.68743896484377,\"y\":293.3620910644531,\"z\":103.26949310302735,\"w\":-195.38999938964845},{\"x\":382.4930114746094,\"y\":291.1402893066406,\"z\":103.11199188232422,\"w\":-195.38999938964845},{\"x\":391.06524658203127,\"y\":280.86724853515627,\"z\":102.99142456054688,\"w\":-290.5799865722656},{\"x\":388.6764831542969,\"y\":273.44586181640627,\"z\":103.00392150878906,\"w\":-290.5799865722656}]','{\"enableblip\":true,\"realparking\":false,\"parkingfeehour\":1,\"isimpound\":false,\"enableparkingfee\":false,\"impoundfee\":0,\"enableparkinglimit\":false,\"maxvehicle\":1,\"garagetype\":\"car\",\"transferfee\":200}',NULL,'{\"x\":0.0,\"y\":0.0,\"z\":0.0,\"w\":0.0}','{\n  \"x\": 366.3,\n  \"y\": 294.79,\n  \"z\": 103.66,\n  \"w\": 340.87\n}'),
('Garage - 7','Garage','{\"maxZ\":18.23023223876953,\"minZ\":5.23147583007812,\"points\":[{\"x\":-816.9888916015625,\"y\":-2026.708984375},{\"x\":-747.7681274414063,\"y\":-1961.905517578125},{\"x\":-717.4393310546875,\"y\":-1960.6771240234376},{\"x\":-704.7011108398438,\"y\":-2046.222900390625},{\"x\":-725.062744140625,\"y\":-2080.27490234375},{\"x\":-753.8985595703125,\"y\":-2074.921142578125}]}','[{\"x\":-778.7608032226563,\"y\":-2039.0616455078126,\"z\":8.88204574584961,\"w\":-45.09000015258789},{\"x\":-774.205810546875,\"y\":-2044.233154296875,\"z\":8.89294242858886,\"w\":-45.09000015258789},{\"x\":-769.3162841796875,\"y\":-2049.047607421875,\"z\":8.89977073669433,\"w\":-45.09000015258789},{\"x\":-764.5594482421875,\"y\":-2053.828125,\"z\":8.90213203430175,\"w\":-45.09000015258789},{\"x\":-759.7423706054688,\"y\":-2058.990966796875,\"z\":8.9034423828125,\"w\":-45.09000015258789},{\"x\":-774.9658813476563,\"y\":-2026.1441650390626,\"z\":8.87527656555175,\"w\":-145.2899932861328},{\"x\":-769.0299682617188,\"y\":-2021.602294921875,\"z\":8.87814712524414,\"w\":-135.27000427246095},{\"x\":-764.04150390625,\"y\":-2016.4339599609376,\"z\":8.87919425964355,\"w\":-130.25999450683595},{\"x\":-759.46728515625,\"y\":-2011.2867431640626,\"z\":8.87974548339843,\"w\":-130.25999450683595},{\"x\":-754.9035034179688,\"y\":-2005.3765869140626,\"z\":8.87951469421386,\"w\":-125.25},{\"x\":-751.0302734375,\"y\":-1998.954345703125,\"z\":8.87789916992187,\"w\":-115.2300033569336},{\"x\":-748.2697143554688,\"y\":-1991.7218017578126,\"z\":8.8766860961914,\"w\":-105.20999908447266},{\"x\":-746.9249267578125,\"y\":-1984.41650390625,\"z\":8.87417984008789,\"w\":-100.19999694824219},{\"x\":-745.6060791015625,\"y\":-1977.7891845703126,\"z\":8.86970710754394,\"w\":-100.19999694824219},{\"x\":-744.6341552734375,\"y\":-1971.04052734375,\"z\":8.86817169189453,\"w\":-100.19999694824219},{\"x\":-743.3663940429688,\"y\":-2006.1004638671876,\"z\":8.88272476196289,\"w\":-270.5400085449219},{\"x\":-743.731201171875,\"y\":-2012.858154296875,\"z\":8.88993263244628,\"w\":-270.5400085449219},{\"x\":-743.2531127929688,\"y\":-2019.84033203125,\"z\":8.89674949645996,\"w\":-270.5400085449219},{\"x\":-743.5167236328125,\"y\":-2026.770263671875,\"z\":8.90406036376953,\"w\":-270.5400085449219},{\"x\":-743.2417602539063,\"y\":-2033.4747314453126,\"z\":8.910737991333,\"w\":-270.5400085449219},{\"x\":-733.7145385742188,\"y\":-2033.4532470703126,\"z\":8.90363883972168,\"w\":-450.8999938964844},{\"x\":-734.079345703125,\"y\":-2026.5875244140626,\"z\":8.89686203002929,\"w\":-450.8999938964844},{\"x\":-734.1476440429688,\"y\":-2019.741455078125,\"z\":8.88988494873046,\"w\":-450.8999938964844},{\"x\":-734.4412231445313,\"y\":-2012.7060546875,\"z\":8.88287925720214,\"w\":-450.8999938964844},{\"x\":-734.6012573242188,\"y\":-2006.212646484375,\"z\":8.87932205200195,\"w\":-450.8999938964844},{\"x\":-715.6244506835938,\"y\":-2032.8919677734376,\"z\":8.88691329956054,\"w\":-616.22998046875},{\"x\":-717.1748046875,\"y\":-2025.950927734375,\"z\":8.88563728332519,\"w\":-616.22998046875},{\"x\":-718.9999389648438,\"y\":-2019.3116455078126,\"z\":8.8828010559082,\"w\":-616.22998046875},{\"x\":-720.1719360351563,\"y\":-2012.59619140625,\"z\":8.87934303283691,\"w\":-616.22998046875},{\"x\":-721.667236328125,\"y\":-2005.9691162109376,\"z\":8.87601089477539,\"w\":-616.22998046875},{\"x\":-723.1897583007813,\"y\":-1999.0894775390626,\"z\":8.87254333496093,\"w\":-616.22998046875},{\"x\":-724.5875854492188,\"y\":-1992.5499267578126,\"z\":8.87068748474121,\"w\":-616.22998046875},{\"x\":-725.6280517578125,\"y\":-1985.865478515625,\"z\":8.87013435363769,\"w\":-616.22998046875},{\"x\":-727.148193359375,\"y\":-1978.823974609375,\"z\":8.86965751647949,\"w\":-616.22998046875},{\"x\":-728.71337890625,\"y\":-1972.403564453125,\"z\":8.86817169189453,\"w\":-616.22998046875}]','{\"parkingfeehour\":1,\"maxvehicle\":1,\"enableparkingfee\":false,\"enableparkinglimit\":false,\"isimpound\":false,\"realparking\":false,\"transferfee\":200,\"enableblip\":true,\"impoundfee\":0,\"garagetype\":\"car\"}',NULL,'{\"x\":0.0,\"y\":0.0,\"z\":0.0,\"w\":0.0}','{\n  \"x\": -773.48,\n  \"y\": -2038.57,\n  \"z\": 9.12,\n  \"w\": 44.67\n}'),
('Garage - 8','Garage','{\"minZ\":1.376070022583,\"points\":[{\"x\":-1211.3668212890626,\"y\":-1480.484619140625},{\"x\":-1184.7783203125,\"y\":-1462.7158203125},{\"x\":-1166.710693359375,\"y\":-1492.9593505859376},{\"x\":-1189.604248046875,\"y\":-1512.5614013671876}],\"maxZ\":14.25870180130004}','[{\"x\":-1183.7357177734376,\"y\":-1496.0198974609376,\"z\":4.37966728210449,\"w\":125.25},{\"x\":-1187.292724609375,\"y\":-1491.1942138671876,\"z\":4.3796682357788,\"w\":125.25},{\"x\":-1190.9884033203126,\"y\":-1485.9468994140626,\"z\":4.37966918945312,\"w\":125.25},{\"x\":-1194.9315185546876,\"y\":-1480.9759521484376,\"z\":4.3796682357788,\"w\":125.25},{\"x\":-1195.6800537109376,\"y\":-1496.380615234375,\"z\":4.37492656707763,\"w\":-55.11000061035156},{\"x\":-1199.7415771484376,\"y\":-1490.8399658203126,\"z\":4.37268638610839,\"w\":-55.11000061035156},{\"x\":-1203.860595703125,\"y\":-1484.5078125,\"z\":4.37673187255859,\"w\":-55.11000061035156},{\"x\":-1187.1925048828126,\"y\":-1475.9759521484376,\"z\":4.3796682357788,\"w\":-55.11000061035156},{\"x\":-1181.8643798828126,\"y\":-1483.5523681640626,\"z\":4.3796682357788,\"w\":-55.11000061035156},{\"x\":-1178.3543701171876,\"y\":-1488.5572509765626,\"z\":4.3796682357788,\"w\":-55.11000061035156}]','{\"realparking\":false,\"enableparkingfee\":false,\"enableblip\":true,\"maxvehicle\":1,\"garagetype\":\"car\",\"impoundfee\":0,\"transferfee\":200,\"parkingfeehour\":1,\"isimpound\":false,\"enableparkinglimit\":false}',NULL,'{\"x\":0.0,\"y\":0.0,\"z\":0.0,\"w\":0.0}','{\n  \"x\": -1191.64,\n  \"y\": -1459.84,\n  \"z\": 4.61,\n  \"w\": 35.02\n}'),
('Garage - 9','Garage','{\"minZ\":34.89809036254883,\"points\":[{\"x\":1142.083740234375,\"y\":2641.788818359375},{\"x\":1086.3809814453126,\"y\":2638.76953125},{\"x\":1092.021240234375,\"y\":2677.075927734375},{\"x\":1142.807861328125,\"y\":2675.885498046875}],\"maxZ\":47.14872741699219}','[{\"x\":1116.645263671875,\"y\":2648.055419921875,\"z\":37.99634170532226,\"w\":0.0},{\"x\":1123.9239501953126,\"y\":2647.86376953125,\"z\":37.99638366699219,\"w\":0.0},{\"x\":1131.422607421875,\"y\":2647.364990234375,\"z\":37.996337890625,\"w\":0.0},{\"x\":1112.5223388671876,\"y\":2657.77978515625,\"z\":37.99534606933594,\"w\":-90.18000030517578},{\"x\":1105.4647216796876,\"y\":2663.74072265625,\"z\":37.97396087646484,\"w\":0.0},{\"x\":1098.2574462890626,\"y\":2663.69921875,\"z\":37.97025299072265,\"w\":0.0}]','{\"realparking\":false,\"enableparkingfee\":false,\"enableblip\":true,\"maxvehicle\":1,\"garagetype\":\"car\",\"impoundfee\":0,\"transferfee\":200,\"parkingfeehour\":1,\"isimpound\":false,\"enableparkinglimit\":false}',NULL,'{\"x\":0.0,\"y\":0.0,\"z\":0.0,\"w\":0.0}','{\n  \"x\": 1114.69,\n  \"y\": 2666.51,\n  \"z\": 38.26,\n  \"w\": 90.56\n}'),
('Garage - 10','Garage','{\"minZ\":29.50101280212402,\"points\":[{\"x\":889.4414672851563,\"y\":3662.677734375},{\"x\":890.6771850585938,\"y\":3639.447021484375},{\"x\":903.65234375,\"y\":3639.58837890625},{\"x\":903.8704833984375,\"y\":3663.2421875}],\"maxZ\":41.82968330383301}','[{\"x\":898.4434204101563,\"y\":3653.083251953125,\"z\":32.76814270019531,\"w\":90.18000030517578},{\"x\":898.721923828125,\"y\":3649.443603515625,\"z\":32.76626968383789,\"w\":90.18000030517578},{\"x\":898.8058471679688,\"y\":3645.902587890625,\"z\":32.76569747924805,\"w\":90.18000030517578}]','{\"realparking\":false,\"enableparkingfee\":false,\"enableblip\":true,\"maxvehicle\":1,\"garagetype\":\"car\",\"impoundfee\":0,\"transferfee\":200,\"parkingfeehour\":1,\"isimpound\":false,\"enableparkinglimit\":false}',NULL,'{\"x\":0.0,\"y\":0.0,\"z\":0.0,\"w\":0.0}','{\n  \"x\": 893.86,\n  \"y\": 3644.68,\n  \"z\": 33,\n  \"w\": 180.31\n}'),
('Garage - 11','Garage','{\"minZ\":28.31575202941894,\"points\":[{\"x\":54.15837478637695,\"y\":6338.0439453125},{\"x\":27.03572845458984,\"y\":6376.77294921875},{\"x\":70.57965087890625,\"y\":6420.84228515625},{\"x\":114.95343780517578,\"y\":6372.0966796875}],\"maxZ\":40.87747001647949}','[{\"x\":80.642822265625,\"y\":6367.08447265625,\"z\":31.22966003417968,\"w\":10.02000045776367},{\"x\":73.78123474121094,\"y\":6363.58642578125,\"z\":31.22993850708007,\"w\":10.02000045776367},{\"x\":66.01372528076172,\"y\":6380.12158203125,\"z\":31.23984718322754,\"w\":30.05999946594238},{\"x\":60.08203506469726,\"y\":6375.716796875,\"z\":31.2398452758789,\"w\":30.05999946594238},{\"x\":65.14594268798828,\"y\":6405.4990234375,\"z\":31.22577285766601,\"w\":-150.3000030517578},{\"x\":59.75131225585937,\"y\":6400.00244140625,\"z\":31.22577095031738,\"w\":-150.3000030517578},{\"x\":51.18365478515625,\"y\":6393.10791015625,\"z\":31.22577285766601,\"w\":-145.2899932861328},{\"x\":45.56063842773437,\"y\":6387.4833984375,\"z\":31.22577285766601,\"w\":-145.2899932861328},{\"x\":40.10655212402344,\"y\":6381.8974609375,\"z\":31.22577476501465,\"w\":-145.2899932861328},{\"x\":49.18901062011719,\"y\":6361.71875,\"z\":31.2398452758789,\"w\":-145.2899932861328},{\"x\":54.5997085571289,\"y\":6367.2890625,\"z\":31.2398452758789,\"w\":-145.2899932861328},{\"x\":80.00357818603516,\"y\":6395.17138671875,\"z\":31.22577476501465,\"w\":-225.4499969482422},{\"x\":74.48687744140625,\"y\":6400.689453125,\"z\":31.22577285766601,\"w\":-225.4499969482422}]','{\"realparking\":false,\"enableparkingfee\":false,\"enableblip\":true,\"maxvehicle\":1,\"garagetype\":\"car\",\"impoundfee\":0,\"transferfee\":200,\"parkingfeehour\":1,\"isimpound\":false,\"enableparkinglimit\":false}',NULL,'{\"x\":0.0,\"y\":0.0,\"z\":0.0,\"w\":0.0}','{\n  \"x\": 107.04,\n  \"y\": 6402.47,\n  \"z\": 31.56,\n  \"w\": 44.91\n}'),
('Garage - 12','Garage','{\"minZ\":30.85900115966797,\"points\":[{\"x\":2558.828125,\"y\":4670.03564453125},{\"x\":2552.823974609375,\"y\":4682.68701171875},{\"x\":2544.13623046875,\"y\":4678.29541015625},{\"x\":2549.450927734375,\"y\":4666.1416015625}],\"maxZ\":43.07678985595703}','[{\"x\":2551.86083984375,\"y\":4674.8837890625,\"z\":33.9485969543457,\"w\":20.04000091552734}]','{\"realparking\":false,\"enableparkingfee\":false,\"enableblip\":true,\"maxvehicle\":1,\"garagetype\":\"car\",\"impoundfee\":0,\"transferfee\":200,\"parkingfeehour\":1,\"isimpound\":false,\"enableparkinglimit\":false}',NULL,'{\"x\":0.0,\"y\":0.0,\"z\":0.0,\"w\":0.0}','{\n  \"x\": 2548.42,\n  \"y\": 4687.93,\n  \"z\": 33.89,\n  \"w\": 17.96\n}'),
('Impound','Impound','{\"minZ\":26.29201507568359,\"points\":[{\"x\":411.9598693847656,\"y\":-1618.6954345703126},{\"x\":423.4460144042969,\"y\":-1628.0137939453126},{\"x\":424.2109375,\"y\":-1632.7843017578126},{\"x\":424.33099365234377,\"y\":-1640.656005859375},{\"x\":423.749267578125,\"y\":-1645.3642578125},{\"x\":410.509765625,\"y\":-1661.41357421875},{\"x\":387.6251220703125,\"y\":-1642.05029296875},{\"x\":409.26544189453127,\"y\":-1615.9915771484376}],\"maxZ\":38.3771858215332}','[{\"x\":416.4615783691406,\"y\":-1628.77783203125,\"z\":29.29193878173828,\"w\":140.27999877929688},{\"x\":420.1216125488281,\"y\":-1635.8319091796876,\"z\":29.29193878173828,\"w\":90.18000030517578},{\"x\":419.9889831542969,\"y\":-1641.9622802734376,\"z\":29.29194068908691,\"w\":90.18000030517578},{\"x\":408.62750244140627,\"y\":-1653.8861083984376,\"z\":29.2918701171875,\"w\":-40.08000183105469},{\"x\":403.78045654296877,\"y\":-1650.0687255859376,\"z\":29.2936897277832,\"w\":-40.08000183105469},{\"x\":398.9851989746094,\"y\":-1645.9228515625,\"z\":29.29194259643554,\"w\":-40.08000183105469},{\"x\":410.0415344238281,\"y\":-1639.9530029296876,\"z\":29.29194068908691,\"w\":-130.25999450683595}]','{\"realparking\":false,\"enableparkingfee\":false,\"enableblip\":true,\"maxvehicle\":1,\"garagetype\":\"car\",\"impoundfee\":500,\"transferfee\":200,\"parkingfeehour\":1,\"isimpound\":true,\"enableparkinglimit\":false}',NULL,'{\"x\":0.0,\"y\":0.0,\"z\":0.0,\"w\":0.0}','{\n  \"x\": 412.55,\n  \"y\": -1650.22,\n  \"z\": 29.52,\n  \"w\": 228.89\n}'),
('Garage - 13','Garage','{\"minZ\":22.93475341796875,\"points\":[{\"x\":-35.35202026367187,\"y\":-1838.95703125},{\"x\":-52.92350769042969,\"y\":-1860.2291259765626},{\"x\":-83.43597412109375,\"y\":-1834.28125},{\"x\":-65.30033111572266,\"y\":-1811.326904296875}],\"maxZ\":34.93475341796875}','[{\"x\":-62.13076400756836,\"y\":-1839.622314453125,\"z\":26.68528366088867,\"w\":-40.08000183105469},{\"x\":-56.77886199951172,\"y\":-1844.256103515625,\"z\":26.47845840454101,\"w\":-40.08000183105469},{\"x\":-51.69461441040039,\"y\":-1848.9061279296876,\"z\":26.27137374877929,\"w\":-40.08000183105469},{\"x\":-45.31607055664062,\"y\":-1841.3436279296876,\"z\":26.21305465698242,\"w\":-220.44000244140626}]','{\"realparking\":false,\"enableparkingfee\":false,\"enableblip\":true,\"maxvehicle\":1,\"garagetype\":\"car\",\"impoundfee\":0,\"transferfee\":200,\"parkingfeehour\":1,\"isimpound\":false,\"enableparkinglimit\":false}',NULL,'{\"x\":0.0,\"y\":0.0,\"z\":0.0,\"w\":0.0}','{\n  \"x\": -50.69,\n  \"y\": -1831.38,\n  \"z\": 26.79,\n  \"w\": 319.59\n}'),
('Garage - 14','Garage','{\"minZ\":27.14096069335937,\"points\":[{\"x\":199.1669464111328,\"y\":-806.6334838867188},{\"x\":239.24781799316407,\"y\":-820.61962890625},{\"x\":260.35028076171877,\"y\":-769.0648193359375},{\"x\":219.9591522216797,\"y\":-751.709716796875}],\"maxZ\":43.75645065307617}','[{\"x\":221.28927612304688,\"y\":-806.6192016601563,\"z\":30.67705535888672,\"w\":-110.22000122070313},{\"x\":223.23422241210938,\"y\":-801.7651977539063,\"z\":30.65835762023925,\"w\":-110.22000122070313},{\"x\":224.89585876464845,\"y\":-796.6719360351563,\"z\":30.66303062438965,\"w\":-110.22000122070313},{\"x\":226.53390502929688,\"y\":-791.60498046875,\"z\":30.67623138427734,\"w\":-110.22000122070313},{\"x\":228.62728881835938,\"y\":-786.51416015625,\"z\":30.6948070526123,\"w\":-110.22000122070313},{\"x\":230.54083251953126,\"y\":-781.4886474609375,\"z\":30.69940376281738,\"w\":-110.22000122070313},{\"x\":232.34182739257813,\"y\":-776.5033569335938,\"z\":30.72113037109375,\"w\":-110.22000122070313},{\"x\":234.3396453857422,\"y\":-771.3228149414063,\"z\":30.75627899169922,\"w\":-110.22000122070313},{\"x\":220.0560760498047,\"y\":-766.0866088867188,\"z\":30.81388664245605,\"w\":-110.22000122070313},{\"x\":218.38043212890626,\"y\":-771.1803588867188,\"z\":30.81923103332519,\"w\":-110.22000122070313},{\"x\":216.4608154296875,\"y\":-776.1932373046875,\"z\":30.82876205444336,\"w\":-110.22000122070313},{\"x\":215.2671356201172,\"y\":-778.6065673828125,\"z\":30.84120368957519,\"w\":-110.22000122070313},{\"x\":213.5934600830078,\"y\":-783.693115234375,\"z\":30.86103248596191,\"w\":-110.22000122070313},{\"x\":211.3870086669922,\"y\":-788.580322265625,\"z\":30.89516830444336,\"w\":-110.22000122070313},{\"x\":209.5959930419922,\"y\":-793.7560424804688,\"z\":30.935152053833,\"w\":-110.22000122070313},{\"x\":207.34832763671876,\"y\":-798.6409301757813,\"z\":30.98431396484375,\"w\":-110.22000122070313},{\"x\":231.0799560546875,\"y\":-807.4459228515625,\"z\":30.468017578125,\"w\":-290.5799865722656},{\"x\":233.5867462158203,\"y\":-802.772705078125,\"z\":30.47039604187011,\"w\":-290.5799865722656},{\"x\":235.8114013671875,\"y\":-797.6663818359375,\"z\":30.48914337158203,\"w\":-290.5799865722656},{\"x\":237.50027465820313,\"y\":-792.3810424804688,\"z\":30.51790618896484,\"w\":-290.5799865722656},{\"x\":239.42623901367188,\"y\":-787.24267578125,\"z\":30.56271362304687,\"w\":-290.5799865722656},{\"x\":240.8408203125,\"y\":-782.2824096679688,\"z\":30.60657119750976,\"w\":-290.5799865722656},{\"x\":242.63803100585938,\"y\":-777.1638793945313,\"z\":30.65835762023925,\"w\":-290.5799865722656},{\"x\":245.08480834960938,\"y\":-772.0014038085938,\"z\":30.71541595458984,\"w\":-290.5799865722656},{\"x\":215.4672088623047,\"y\":-801.4480590820313,\"z\":30.81265068054199,\"w\":-290.5799865722656},{\"x\":217.90635681152345,\"y\":-796.436279296875,\"z\":30.77687644958496,\"w\":-290.5799865722656},{\"x\":219.77735900878907,\"y\":-791.501220703125,\"z\":30.76284408569336,\"w\":-290.5799865722656},{\"x\":221.40084838867188,\"y\":-786.2174682617188,\"z\":30.77592849731445,\"w\":-290.5799865722656},{\"x\":223.18695068359376,\"y\":-781.3047485351563,\"z\":30.76609420776367,\"w\":-290.5799865722656},{\"x\":225.0736846923828,\"y\":-776.271484375,\"z\":30.77623558044433,\"w\":-290.5799865722656},{\"x\":226.69053649902345,\"y\":-771.314453125,\"z\":30.78592109680175,\"w\":-290.5799865722656}]','{\"realparking\":false,\"parkingfeehour\":10,\"garagetype\":\"car\",\"isimpound\":false,\"enableparkinglimit\":true,\"enableparkingfee\":true,\"transferfee\":200,\"impoundfee\":0,\"enableblip\":true,\"maxvehicle\":5}','{}','{\"x\":0.0,\"y\":0.0,\"z\":0.0,\"w\":0.0}','{\n  \"x\": 228.43,\n  \"y\": -809.11,\n  \"z\": 30.73,\n  \"w\": 159.96\n}'),
('Boat','Boat','{\"maxZ\":10.65426349639892,\"minZ\":-11.2264986038208,\"points\":[{\"x\":-863.2924194335938,\"y\":-1505.093017578125},{\"x\":-875.4383544921875,\"y\":-1473.018798828125},{\"x\":-948.18359375,\"y\":-1499.4617919921876},{\"x\":-954.8661499023438,\"y\":-1479.0367431640626},{\"x\":-860.7711181640625,\"y\":-1446.954833984375},{\"x\":-842.547119140625,\"y\":-1499.924072265625}]}','[{\"x\":-943.874267578125,\"y\":-1484.698974609375,\"z\":0.81250047683715,\"w\":-160.32000732421876},{\"x\":-935.38525390625,\"y\":-1481.765625,\"z\":0.8125,\"w\":-160.32000732421876},{\"x\":-927.3067626953125,\"y\":-1478.4595947265626,\"z\":0.94729262590408,\"w\":-160.32000732421876},{\"x\":-918.70947265625,\"y\":-1475.4580078125,\"z\":0.8125,\"w\":-160.32000732421876},{\"x\":-910.3665771484375,\"y\":-1472.248291015625,\"z\":0.81250143051147,\"w\":-160.32000732421876},{\"x\":-900.2301635742188,\"y\":-1468.4969482421876,\"z\":0.97826015949249,\"w\":-160.32000732421876},{\"x\":-891.9052734375,\"y\":-1465.270751953125,\"z\":0.8125,\"w\":-160.32000732421876},{\"x\":-884.037353515625,\"y\":-1461.570556640625,\"z\":0.99999952316284,\"w\":-160.32000732421876},{\"x\":-860.3992919921875,\"y\":-1476.836181640625,\"z\":0.91164827346801,\"w\":-250.5},{\"x\":-856.8955078125,\"y\":-1485.2020263671876,\"z\":0.99999904632568,\"w\":-250.5},{\"x\":-854.2075805664063,\"y\":-1493.738037109375,\"z\":0.8125,\"w\":-250.5}]','{\"realparking\":false,\"parkingfeehour\":1,\"garagetype\":\"boat\",\"isimpound\":true,\"enableparkinglimit\":false,\"enableparkingfee\":false,\"transferfee\":500,\"impoundfee\":500,\"enableblip\":true,\"maxvehicle\":1}',NULL,'{\"x\":-892.75537109375,\"y\":-1475.3861083984376,\"z\":1.60039067268371,\"w\":15.02999973297119}',NULL),
('Plane','Plane','{\"maxZ\":26.07965087890625,\"minZ\":11.07860565185546,\"points\":[{\"x\":-976.1631469726563,\"y\":-2923.9404296875},{\"x\":-1030.551513671875,\"y\":-3016.82470703125},{\"x\":-953.0809936523438,\"y\":-3061.553955078125},{\"x\":-899.0479736328125,\"y\":-2985.360107421875}]}','[{\"x\":-979.290771484375,\"y\":-2995.98193359375,\"z\":13.94507217407226,\"w\":60.11999893188476},{\"x\":-1006.5667724609375,\"y\":-3017.622802734375,\"z\":13.94507217407226,\"w\":60.11999893188476},{\"x\":-962.5997314453125,\"y\":-2965.72607421875,\"z\":13.94507122039795,\"w\":60.11999893188476}]','{\"realparking\":true,\"parkingfeehour\":1,\"garagetype\":\"plane\",\"isimpound\":true,\"enableparkinglimit\":false,\"enableparkingfee\":false,\"transferfee\":1000,\"impoundfee\":2000,\"enableblip\":true,\"maxvehicle\":1}','{\"84HXH534\":{\"owner\":\"XGW93524\",\"garagetime\":1706003836,\"plate\":\"84HXH534\",\"type\":\"plane\",\"mods\":{\"modXenon\":false,\"fuelLevel\":74.88101196289063,\"color1\":111,\"modLivery\":-1,\"xenonColor\":255,\"modTrimA\":-1,\"modDial\":-1,\"modSeats\":-1,\"modSpeakers\":-1,\"modArchCover\":-1,\"color2\":126,\"modRightFender\":-1,\"wheelSize\":0.0,\"modDashboard\":-1,\"modShifterLeavers\":-1,\"plateIndex\":4,\"windowTint\":-1,\"modBrakes\":-1,\"tyreSmokeColor\":[255,255,255],\"modPlateHolder\":-1,\"modSuspension\":-1,\"doorStatus\":{\"1\":false,\"2\":false,\"3\":false,\"4\":false,\"5\":false,\"0\":false},\"wheelWidth\":0.0,\"interiorColor\":0,\"modAerials\":-1,\"modVanityPlate\":-1,\"modSideSkirt\":-1,\"modStruts\":-1,\"wheelColor\":90,\"modFrame\":-1,\"headlightColor\":255,\"modKit49\":-1,\"tireBurstCompletely\":{\"1\":false,\"2\":false,\"3\":false,\"4\":false,\"5\":false,\"0\":false},\"modTrunk\":-1,\"bodyHealth\":1000.0592475178704,\"modAPlate\":-1,\"modWindows\":-1,\"model\":-1295027632,\"modKit47\":-1,\"modKit19\":-1,\"modTank\":-1,\"modGrille\":-1,\"neonColor\":[255,0,255],\"modOrnaments\":-1,\"modAirFilter\":-1,\"liveryRoof\":-1,\"modSteeringWheel\":-1,\"modRoof\":-1,\"modBackWheels\":-1,\"modEngineBlock\":-1,\"modEngine\":-1,\"modFrontBumper\":-1,\"modKit21\":-1,\"modCustomTiresR\":false,\"tireBurstState\":{\"1\":false,\"2\":false,\"3\":false,\"4\":false,\"5\":false,\"0\":false},\"engineHealth\":1000.0592475178704,\"modTrimB\":-1,\"plate\":\"84HXH534\",\"modHydrolic\":-1,\"modTransmission\":-1,\"modTurbo\":false,\"tankHealth\":1000.0592475178704,\"modExhaust\":-1,\"modHorns\":-1,\"modDoorSpeaker\":-1,\"modCustomTiresF\":false,\"modHood\":-1,\"tireHealth\":{\"1\":1000.0,\"2\":1000.0,\"3\":1000.0,\"0\":1000.0},\"pearlescentColor\":0,\"oilLevel\":4.76596940834568,\"dirtLevel\":0.0,\"windowStatus\":{\"1\":true,\"2\":true,\"3\":true,\"4\":false,\"5\":false,\"6\":true,\"7\":true,\"0\":true},\"modSpoilers\":-1,\"modSmokeEnabled\":false,\"wheels\":0,\"modArmor\":-1,\"modFrontWheels\":-1,\"neonEnabled\":[false,false,false,false],\"modKit17\":-1,\"modFender\":-1,\"modRearBumper\":-1,\"extras\":[],\"dashboardColor\":0},\"pos\":{\"x\":-962.5997314453125,\"y\":-2965.72607421875,\"z\":13.94507122039795,\"w\":60.11999893188476}},\"41SHD288\":{\"owner\":\"XGW93524\",\"garagetime\":1706003811,\"plate\":\"41SHD288\",\"type\":\"plane\",\"mods\":{\"modXenon\":false,\"fuelLevel\":27.47999954223632,\"color1\":111,\"modLivery\":-1,\"xenonColor\":255,\"modTrimA\":-1,\"modDial\":-1,\"modSeats\":-1,\"modSpeakers\":-1,\"modArchCover\":-1,\"color2\":28,\"modRightFender\":-1,\"wheelSize\":0.0,\"modDashboard\":-1,\"modShifterLeavers\":-1,\"plateIndex\":4,\"windowTint\":-1,\"modBrakes\":-1,\"tyreSmokeColor\":[255,255,255],\"modPlateHolder\":-1,\"modSuspension\":-1,\"doorStatus\":{\"1\":false,\"2\":false,\"3\":false,\"4\":false,\"5\":false,\"0\":false},\"wheelWidth\":0.0,\"interiorColor\":0,\"modAerials\":-1,\"modVanityPlate\":-1,\"modSideSkirt\":-1,\"modStruts\":-1,\"wheelColor\":6,\"modFrame\":-1,\"headlightColor\":255,\"modKit49\":-1,\"tireBurstCompletely\":{\"1\":false,\"2\":false,\"3\":false,\"4\":false,\"5\":false,\"0\":false},\"modTrunk\":-1,\"bodyHealth\":1000.0592475178704,\"modAPlate\":-1,\"modWindows\":-1,\"model\":-1295027632,\"modKit47\":-1,\"modKit19\":-1,\"modTank\":-1,\"modGrille\":-1,\"neonColor\":[255,0,255],\"modOrnaments\":-1,\"modAirFilter\":-1,\"liveryRoof\":-1,\"modSteeringWheel\":-1,\"modRoof\":-1,\"modBackWheels\":-1,\"modEngineBlock\":-1,\"modEngine\":-1,\"modFrontBumper\":-1,\"modKit21\":-1,\"modCustomTiresR\":false,\"tireBurstState\":{\"1\":false,\"2\":false,\"3\":false,\"4\":false,\"5\":false,\"0\":false},\"engineHealth\":1000.0592475178704,\"modTrimB\":-1,\"plate\":\"41SHD288\",\"modHydrolic\":-1,\"modTransmission\":-1,\"modTurbo\":false,\"tankHealth\":1000.0592475178704,\"modExhaust\":-1,\"modHorns\":-1,\"modDoorSpeaker\":-1,\"modCustomTiresF\":false,\"modHood\":-1,\"tireHealth\":{\"1\":1000.0,\"2\":1000.0,\"3\":1000.0,\"0\":1000.0},\"pearlescentColor\":1,\"oilLevel\":4.76596940834568,\"dirtLevel\":0.0,\"windowStatus\":{\"1\":true,\"2\":true,\"3\":true,\"4\":false,\"5\":false,\"6\":true,\"7\":true,\"0\":true},\"modSpoilers\":-1,\"modSmokeEnabled\":false,\"wheels\":0,\"modArmor\":-1,\"modFrontWheels\":-1,\"neonEnabled\":[false,false,false,false],\"modKit17\":-1,\"modFender\":-1,\"modRearBumper\":-1,\"extras\":[],\"dashboardColor\":0},\"pos\":{\"x\":-979.290771484375,\"y\":-2995.98193359375,\"z\":13.94507217407226,\"w\":60.11999893188476}}}','{\"x\":0.0,\"y\":0.0,\"z\":0.0,\"w\":0.0}',NULL),
('Heli','Heli','{\"maxZ\":22.96454048156738,\"minZ\":10.94524002075195,\"points\":[{\"x\":-1094.575439453125,\"y\":-2876.998779296875},{\"x\":-1110.4805908203126,\"y\":-2905.93505859375},{\"x\":-1201.8394775390626,\"y\":-2855.124755859375},{\"x\":-1183.9517822265626,\"y\":-2821.74560546875}]}','[{\"x\":-1178.480712890625,\"y\":-2845.93603515625,\"z\":13.94575881958007,\"w\":-30.05999946594238},{\"x\":-1146.1036376953126,\"y\":-2864.41357421875,\"z\":13.9460220336914,\"w\":-30.05999946594238},{\"x\":-1112.378173828125,\"y\":-2883.86572265625,\"z\":13.94602584838867,\"w\":-30.05999946594238}]','{\"realparking\":false,\"parkingfeehour\":1,\"garagetype\":\"heli\",\"isimpound\":true,\"enableparkinglimit\":false,\"enableparkingfee\":false,\"transferfee\":200,\"impoundfee\":1000,\"enableblip\":true,\"maxvehicle\":1}','[]','{\"x\":0.0,\"y\":0.0,\"z\":0.0,\"w\":0.0}',NULL);
/*!40000 ALTER TABLE `ak47_garage` ENABLE KEYS */;
UNLOCK TABLES;

--
-- Table structure for table `ak47_housing`
--

DROP TABLE IF EXISTS `ak47_housing`;
/*!40101 SET @saved_cs_client     = @@character_set_client */;
/*!40101 SET character_set_client = utf8mb4 */;
CREATE TABLE `ak47_housing` (
  `id` int(11) NOT NULL,
  `owner` varchar(100) DEFAULT NULL,
  `agent` varchar(100) DEFAULT NULL,
  `needagent` tinyint(1) DEFAULT NULL,
  `agentinfo` longtext DEFAULT NULL,
  `access` longtext DEFAULT NULL,
  `labs` longtext DEFAULT NULL,
  `model` varchar(50) DEFAULT NULL,
  `polyzone` longtext DEFAULT NULL,
  `position` longtext DEFAULT NULL,
  `enter` longtext DEFAULT NULL,
  `exit` longtext DEFAULT NULL,
  `board` longtext DEFAULT NULL,
  `price` int(11) DEFAULT NULL,
  `sold` tinyint(1) DEFAULT NULL,
  `interior` tinyint(1) DEFAULT NULL,
  `reseller` varchar(100) DEFAULT NULL,
  `furnitures` longtext DEFAULT NULL,
  `cam` longtext DEFAULT NULL,
  `exterior` longtext DEFAULT NULL,
  `garage` longtext DEFAULT NULL,
  `garagevehicles` longtext DEFAULT NULL,
  `doors` longtext DEFAULT NULL,
  `weight` int(11) DEFAULT NULL,
  `inventory` longtext DEFAULT NULL,
  `rent` longtext DEFAULT NULL,
  `installment` longtext DEFAULT NULL,
  `maxweed` int(11) DEFAULT NULL,
  `shellopened` tinyint(1) DEFAULT NULL,
  PRIMARY KEY (`id`)
) ENGINE=InnoDB DEFAULT CHARSET=armscii8 COLLATE=armscii8_bin;
/*!40101 SET character_set_client = @saved_cs_client */;

--
-- Dumping data for table `ak47_housing`
--

LOCK TABLES `ak47_housing` WRITE;
/*!40000 ALTER TABLE `ak47_housing` DISABLE KEYS */;
/*!40000 ALTER TABLE `ak47_housing` ENABLE KEYS */;
UNLOCK TABLES;

--
-- Table structure for table `ak47_housing_commissions`
--

DROP TABLE IF EXISTS `ak47_housing_commissions`;
/*!40101 SET @saved_cs_client     = @@character_set_client */;
/*!40101 SET character_set_client = utf8mb4 */;
CREATE TABLE `ak47_housing_commissions` (
  `id` int(11) NOT NULL AUTO_INCREMENT,
  `identifier` varchar(100) DEFAULT NULL,
  `amount` int(11) DEFAULT NULL,
  PRIMARY KEY (`id`),
  KEY `identifier` (`identifier`)
) ENGINE=InnoDB DEFAULT CHARSET=armscii8 COLLATE=armscii8_bin;
/*!40101 SET character_set_client = @saved_cs_client */;

--
-- Dumping data for table `ak47_housing_commissions`
--

LOCK TABLES `ak47_housing_commissions` WRITE;
/*!40000 ALTER TABLE `ak47_housing_commissions` DISABLE KEYS */;
/*!40000 ALTER TABLE `ak47_housing_commissions` ENABLE KEYS */;
UNLOCK TABLES;

--
-- Table structure for table `ak47_vehiclekeys`
--

DROP TABLE IF EXISTS `ak47_vehiclekeys`;
/*!40101 SET @saved_cs_client     = @@character_set_client */;
/*!40101 SET character_set_client = utf8mb4 */;
CREATE TABLE `ak47_vehiclekeys` (
  `plate` varchar(50) NOT NULL,
  `keyhash` varchar(50) DEFAULT NULL,
  PRIMARY KEY (`plate`),
  KEY `plate` (`plate`)
) ENGINE=InnoDB DEFAULT CHARSET=utf8mb4 COLLATE=utf8mb4_uca1400_ai_ci;
/*!40101 SET character_set_client = @saved_cs_client */;

--
-- Dumping data for table `ak47_vehiclekeys`
--

LOCK TABLES `ak47_vehiclekeys` WRITE;
/*!40000 ALTER TABLE `ak47_vehiclekeys` DISABLE KEYS */;
/*!40000 ALTER TABLE `ak47_vehiclekeys` ENABLE KEYS */;
UNLOCK TABLES;

--
-- Table structure for table `banking`
--

DROP TABLE IF EXISTS `banking`;
/*!40101 SET @saved_cs_client     = @@character_set_client */;
/*!40101 SET character_set_client = utf8mb4 */;
CREATE TABLE `banking` (
  `identifier` varchar(46) DEFAULT NULL,
  `type` varchar(50) DEFAULT NULL,
  `amount` int(64) DEFAULT NULL,
  `time` bigint(20) DEFAULT NULL,
  `ID` int(11) NOT NULL AUTO_INCREMENT,
  `balance` int(11) DEFAULT 0,
  `label` varchar(255) DEFAULT NULL,
  PRIMARY KEY (`ID`)
) ENGINE=InnoDB DEFAULT CHARSET=utf8mb4 COLLATE=utf8mb4_uca1400_ai_ci;
/*!40101 SET character_set_client = @saved_cs_client */;

--
-- Dumping data for table `banking`
--

LOCK TABLES `banking` WRITE;
/*!40000 ALTER TABLE `banking` DISABLE KEYS */;
/*!40000 ALTER TABLE `banking` ENABLE KEYS */;
UNLOCK TABLES;

--
-- Table structure for table `billing`
--

DROP TABLE IF EXISTS `billing`;
/*!40101 SET @saved_cs_client     = @@character_set_client */;
/*!40101 SET character_set_client = utf8mb4 */;
CREATE TABLE `billing` (
  `id` int(11) NOT NULL,
  `identifier` varchar(60) NOT NULL,
  `sender` varchar(60) NOT NULL,
  `target_type` varchar(50) NOT NULL,
  `target` varchar(40) NOT NULL,
  `label` varchar(255) NOT NULL,
  `amount` int(11) NOT NULL
) ENGINE=InnoDB DEFAULT CHARSET=utf8mb4 COLLATE=utf8mb4_general_ci;
/*!40101 SET character_set_client = @saved_cs_client */;

--
-- Dumping data for table `billing`
--

LOCK TABLES `billing` WRITE;
/*!40000 ALTER TABLE `billing` DISABLE KEYS */;
/*!40000 ALTER TABLE `billing` ENABLE KEYS */;
UNLOCK TABLES;

--
-- Table structure for table `cardealer_vehicles`
--

DROP TABLE IF EXISTS `cardealer_vehicles`;
/*!40101 SET @saved_cs_client     = @@character_set_client */;
/*!40101 SET character_set_client = utf8mb4 */;
CREATE TABLE `cardealer_vehicles` (
  `id` int(11) NOT NULL,
  `vehicle` varchar(255) NOT NULL,
  `price` int(11) NOT NULL
) ENGINE=InnoDB DEFAULT CHARSET=utf8mb4 COLLATE=utf8mb4_general_ci;
/*!40101 SET character_set_client = @saved_cs_client */;

--
-- Dumping data for table `cardealer_vehicles`
--

LOCK TABLES `cardealer_vehicles` WRITE;
/*!40000 ALTER TABLE `cardealer_vehicles` DISABLE KEYS */;
/*!40000 ALTER TABLE `cardealer_vehicles` ENABLE KEYS */;
UNLOCK TABLES;

--
-- Table structure for table `datastore`
--

DROP TABLE IF EXISTS `datastore`;
/*!40101 SET @saved_cs_client     = @@character_set_client */;
/*!40101 SET character_set_client = utf8mb4 */;
CREATE TABLE `datastore` (
  `name` varchar(60) NOT NULL,
  `label` varchar(100) NOT NULL,
  `shared` int(11) NOT NULL
) ENGINE=InnoDB DEFAULT CHARSET=utf8mb4 COLLATE=utf8mb4_general_ci;
/*!40101 SET character_set_client = @saved_cs_client */;

--
-- Dumping data for table `datastore`
--

LOCK TABLES `datastore` WRITE;
/*!40000 ALTER TABLE `datastore` DISABLE KEYS */;
INSERT INTO `datastore` VALUES
('property','Property',0),
('society_ambulance','EMS',1),
('society_mechanic','Mechanic',1),
('society_police','Police',1),
('society_taxi','Taxi',1),
('user_ears','Ears',0),
('user_glasses','Glasses',0),
('user_helmet','Helmet',0),
('user_mask','Mask',0);
/*!40000 ALTER TABLE `datastore` ENABLE KEYS */;
UNLOCK TABLES;

--
-- Table structure for table `datastore_data`
--

DROP TABLE IF EXISTS `datastore_data`;
/*!40101 SET @saved_cs_client     = @@character_set_client */;
/*!40101 SET character_set_client = utf8mb4 */;
CREATE TABLE `datastore_data` (
  `id` int(11) NOT NULL,
  `name` varchar(60) NOT NULL,
  `owner` varchar(60) DEFAULT NULL,
  `data` longtext DEFAULT NULL
) ENGINE=InnoDB DEFAULT CHARSET=utf8mb4 COLLATE=utf8mb4_general_ci;
/*!40101 SET character_set_client = @saved_cs_client */;

--
-- Dumping data for table `datastore_data`
--

LOCK TABLES `datastore_data` WRITE;
/*!40000 ALTER TABLE `datastore_data` DISABLE KEYS */;
INSERT INTO `datastore_data` VALUES
(1,'society_police',NULL,'{}'),
(2,'society_ambulance',NULL,'{}'),
(3,'society_mechanic',NULL,'{}'),
(4,'society_taxi',NULL,'{}'),
(5,'property',NULL,'{}');
/*!40000 ALTER TABLE `datastore_data` ENABLE KEYS */;
UNLOCK TABLES;

--
-- Table structure for table `fine_types`
--

DROP TABLE IF EXISTS `fine_types`;
/*!40101 SET @saved_cs_client     = @@character_set_client */;
/*!40101 SET character_set_client = utf8mb4 */;
CREATE TABLE `fine_types` (
  `id` int(11) NOT NULL AUTO_INCREMENT,
  `label` varchar(255) DEFAULT NULL,
  `amount` int(11) DEFAULT NULL,
  `category` int(11) DEFAULT NULL,
  PRIMARY KEY (`id`)
) ENGINE=InnoDB AUTO_INCREMENT=53 DEFAULT CHARSET=utf8mb4 COLLATE=utf8mb4_general_ci;
/*!40101 SET character_set_client = @saved_cs_client */;

--
-- Dumping data for table `fine_types`
--

LOCK TABLES `fine_types` WRITE;
/*!40000 ALTER TABLE `fine_types` DISABLE KEYS */;
INSERT INTO `fine_types` VALUES
(1,'Misuse of a horn',30,0),
(2,'Illegally Crossing a continuous Line',40,0),
(3,'Driving on the wrong side of the road',250,0),
(4,'Illegal U-Turn',250,0),
(5,'Illegally Driving Off-road',170,0),
(6,'Refusing a Lawful Command',30,0),
(7,'Illegally Stopping a Vehicle',150,0),
(8,'Illegal Parking',70,0),
(9,'Failing to Yield to the right',70,0),
(10,'Failure to comply with Vehicle Information',90,0),
(11,'Failing to stop at a Stop Sign ',105,0),
(12,'Failing to stop at a Red Light',130,0),
(13,'Illegal Passing',100,0),
(14,'Driving an illegal Vehicle',100,0),
(15,'Driving without a License',1500,0),
(16,'Hit and Run',800,0),
(17,'Exceeding Speeds Over < 5 mph',90,0),
(18,'Exceeding Speeds Over 5-15 mph',120,0),
(19,'Exceeding Speeds Over 15-30 mph',180,0),
(20,'Exceeding Speeds Over > 30 mph',300,0),
(21,'Impeding traffic flow',110,1),
(22,'Public Intoxication',90,1),
(23,'Disorderly conduct',90,1),
(24,'Obstruction of Justice',130,1),
(25,'Insults towards Civilans',75,1),
(26,'Disrespecting of an LEO',110,1),
(27,'Verbal Threat towards a Civilan',90,1),
(28,'Verbal Threat towards an LEO',150,1),
(29,'Providing False Information',250,1),
(30,'Attempt of Corruption',1500,1),
(31,'Brandishing a weapon in city Limits',120,2),
(32,'Brandishing a Lethal Weapon in city Limits',300,2),
(33,'No Firearms License',600,2),
(34,'Possession of an Illegal Weapon',700,2),
(35,'Possession of Burglary Tools',300,2),
(36,'Grand Theft Auto',1800,2),
(37,'Intent to Sell/Distrube of an illegal Substance',1500,2),
(38,'Frabrication of an Illegal Substance',1500,2),
(39,'Possession of an Illegal Substance ',650,2),
(40,'Kidnapping of a Civilan',1500,2),
(41,'Kidnapping of an LEO',2000,2),
(42,'Robbery',650,2),
(43,'Armed Robbery of a Store',650,2),
(44,'Armed Robbery of a Bank',1500,2),
(45,'Assault on a Civilian',2000,3),
(46,'Assault of an LEO',2500,3),
(47,'Attempt of Murder of a Civilian',3000,3),
(48,'Attempt of Murder of an LEO',5000,3),
(49,'Murder of a Civilian',10000,3),
(50,'Murder of an LEO',30000,3),
(51,'Involuntary manslaughter',1800,3),
(52,'Fraud',2000,2);
/*!40000 ALTER TABLE `fine_types` ENABLE KEYS */;
UNLOCK TABLES;

--
-- Table structure for table `items`
--

DROP TABLE IF EXISTS `items`;
/*!40101 SET @saved_cs_client     = @@character_set_client */;
/*!40101 SET character_set_client = utf8mb4 */;
CREATE TABLE `items` (
  `name` varchar(50) NOT NULL,
  `label` varchar(50) NOT NULL,
  `weight` int(11) NOT NULL DEFAULT 1,
  `rare` tinyint(4) NOT NULL DEFAULT 0,
  `can_remove` tinyint(4) NOT NULL DEFAULT 1
) ENGINE=InnoDB DEFAULT CHARSET=utf8mb4 COLLATE=utf8mb4_general_ci;
/*!40101 SET character_set_client = @saved_cs_client */;

--
-- Dumping data for table `items`
--

LOCK TABLES `items` WRITE;
/*!40000 ALTER TABLE `items` DISABLE KEYS */;
INSERT INTO `items` VALUES
('alive_chicken','Living chicken',1,0,1),
('bandage','Bandage',2,0,1),
('blowpipe','Blowtorch',2,0,1),
('bread','Bread',1,0,1),
('cannabis','Cannabis',3,0,1),
('carokit','Body Kit',3,0,1),
('carotool','Tools',2,0,1),
('clothe','Cloth',1,0,1),
('copper','Copper',1,0,1),
('cutted_wood','Cut wood',1,0,1),
('diamond','Diamond',1,0,1),
('essence','Gas',1,0,1),
('fabric','Fabric',1,0,1),
('fish','Fish',1,0,1),
('radio','Radio',1,0,1),
('fixkit','Repair Kit',3,0,1),
('fixtool','Repair Tools',2,0,1),
('gazbottle','Gas Bottle',2,0,1),
('gold','Gold',1,0,1),
('iron','Iron',1,0,1),
('marijuana','Marijuana',2,0,1),
('medikit','Medikit',2,0,1),
('packaged_chicken','Chicken fillet',1,0,1),
('packaged_plank','Packaged wood',1,0,1),
('petrol','Oil',1,0,1),
('petrol_raffin','Processed oil',1,0,1),
('phone','Phone',1,0,1),
('slaughtered_chicken','Slaughtered chicken',1,0,1),
('stone','Stone',1,0,1),
('washed_stone','Washed stone',1,0,1),
('wood','Wood',1,0,1),
('wool','Wool',1,0,1),
('carkey','Carkey',1,0,1),
('fertilizer','Fertilizer',1,0,1),
('lockpick','Lockpick',1,0,1),
('seed_weed','Weed Seed',1,0,1),
('water','Water',1,0,1),
('weed_leaf','Weed Leaf',1,0,1),
('pooch_bag','Pooch Bag',1,0,1),
('lighter','Lighter',1,0,1),
('weed_pooch','Weed Pooch',1,0,1),
('cokebrick','Coke Brick',1,0,1),
('coke_pooch','Coke Pooch',1,0,1),
('meth_raw','Raw Meth',1,0,1),
('meth_pooch','Meth Pooch',1,0,1),
('rope','Rope',1,0,1),
('blindfold','Blindfold',1,0,1),
('cuff','Cuff',1,0,1),
('key','Key',1,0,1);
/*!40000 ALTER TABLE `items` ENABLE KEYS */;
UNLOCK TABLES;

--
-- Table structure for table `job_grades`
--

DROP TABLE IF EXISTS `job_grades`;
/*!40101 SET @saved_cs_client     = @@character_set_client */;
/*!40101 SET character_set_client = utf8mb4 */;
CREATE TABLE `job_grades` (
  `id` int(11) NOT NULL,
  `job_name` varchar(50) DEFAULT NULL,
  `grade` int(11) NOT NULL,
  `name` varchar(50) NOT NULL,
  `label` varchar(50) NOT NULL,
  `salary` int(11) NOT NULL,
  `skin_male` longtext NOT NULL,
  `skin_female` longtext NOT NULL
) ENGINE=InnoDB DEFAULT CHARSET=utf8mb4 COLLATE=utf8mb4_general_ci;
/*!40101 SET character_set_client = @saved_cs_client */;

--
-- Dumping data for table `job_grades`
--

LOCK TABLES `job_grades` WRITE;
/*!40000 ALTER TABLE `job_grades` DISABLE KEYS */;
INSERT INTO `job_grades` VALUES
(1,'unemployed',0,'unemployed','Unemployed',200,'{}','{}'),
(2,'police',0,'recruit','Recruit',20,'{}','{}'),
(3,'police',1,'officer','Officer',40,'{}','{}'),
(4,'police',2,'sergeant','Sergeant',60,'{}','{}'),
(5,'police',3,'lieutenant','Lieutenant',85,'{}','{}'),
(6,'police',4,'boss','Captain',100,'{}','{}'),
(11,'cardealer',0,'recruit','Recruit',10,'{}','{}'),
(12,'cardealer',1,'novice','Novice',25,'{}','{}'),
(13,'cardealer',2,'experienced','Experienced',40,'{}','{}'),
(14,'cardealer',3,'boss','Boss',0,'{}','{}'),
(15,'lumberjack',0,'employee','Employee',0,'{}','{}'),
(16,'fisherman',0,'employee','Employee',0,'{}','{}'),
(17,'fueler',0,'employee','Employee',0,'{}','{}'),
(18,'reporter',0,'employee','Employee',0,'{}','{}'),
(19,'tailor',0,'employee','Employee',0,'{\"mask_1\":0,\"arms\":1,\"glasses_1\":0,\"hair_color_2\":4,\"makeup_1\":0,\"face\":19,\"glasses\":0,\"mask_2\":0,\"makeup_3\":0,\"skin\":29,\"helmet_2\":0,\"lipstick_4\":0,\"sex\":0,\"torso_1\":24,\"makeup_2\":0,\"bags_2\":0,\"chain_2\":0,\"ears_1\":-1,\"bags_1\":0,\"bproof_1\":0,\"shoes_2\":0,\"lipstick_2\":0,\"chain_1\":0,\"tshirt_1\":0,\"eyebrows_3\":0,\"pants_2\":0,\"beard_4\":0,\"torso_2\":0,\"beard_2\":6,\"ears_2\":0,\"hair_2\":0,\"shoes_1\":36,\"tshirt_2\":0,\"beard_3\":0,\"hair_1\":2,\"hair_color_1\":0,\"pants_1\":48,\"helmet_1\":-1,\"bproof_2\":0,\"eyebrows_4\":0,\"eyebrows_2\":0,\"decals_1\":0,\"age_2\":0,\"beard_1\":5,\"shoes\":10,\"lipstick_1\":0,\"eyebrows_1\":0,\"glasses_2\":0,\"makeup_4\":0,\"decals_2\":0,\"lipstick_3\":0,\"age_1\":0}','{\"mask_1\":0,\"arms\":5,\"glasses_1\":5,\"hair_color_2\":4,\"makeup_1\":0,\"face\":19,\"glasses\":0,\"mask_2\":0,\"makeup_3\":0,\"skin\":29,\"helmet_2\":0,\"lipstick_4\":0,\"sex\":1,\"torso_1\":52,\"makeup_2\":0,\"bags_2\":0,\"chain_2\":0,\"ears_1\":-1,\"bags_1\":0,\"bproof_1\":0,\"shoes_2\":1,\"lipstick_2\":0,\"chain_1\":0,\"tshirt_1\":23,\"eyebrows_3\":0,\"pants_2\":0,\"beard_4\":0,\"torso_2\":0,\"beard_2\":6,\"ears_2\":0,\"hair_2\":0,\"shoes_1\":42,\"tshirt_2\":4,\"beard_3\":0,\"hair_1\":2,\"hair_color_1\":0,\"pants_1\":36,\"helmet_1\":-1,\"bproof_2\":0,\"eyebrows_4\":0,\"eyebrows_2\":0,\"decals_1\":0,\"age_2\":0,\"beard_1\":5,\"shoes\":10,\"lipstick_1\":0,\"eyebrows_1\":0,\"glasses_2\":0,\"makeup_4\":0,\"decals_2\":0,\"lipstick_3\":0,\"age_1\":0}'),
(20,'miner',0,'employee','Employee',0,'{\"tshirt_2\":1,\"ears_1\":8,\"glasses_1\":15,\"torso_2\":0,\"ears_2\":2,\"glasses_2\":3,\"shoes_2\":1,\"pants_1\":75,\"shoes_1\":51,\"bags_1\":0,\"helmet_2\":0,\"pants_2\":7,\"torso_1\":71,\"tshirt_1\":59,\"arms\":2,\"bags_2\":0,\"helmet_1\":0}','{}'),
(21,'slaughterer',0,'employee','Employee',0,'{\"age_1\":0,\"glasses_2\":0,\"beard_1\":5,\"decals_2\":0,\"beard_4\":0,\"shoes_2\":0,\"tshirt_2\":0,\"lipstick_2\":0,\"hair_2\":0,\"arms\":67,\"pants_1\":36,\"skin\":29,\"eyebrows_2\":0,\"shoes\":10,\"helmet_1\":-1,\"lipstick_1\":0,\"helmet_2\":0,\"hair_color_1\":0,\"glasses\":0,\"makeup_4\":0,\"makeup_1\":0,\"hair_1\":2,\"bproof_1\":0,\"bags_1\":0,\"mask_1\":0,\"lipstick_3\":0,\"chain_1\":0,\"eyebrows_4\":0,\"sex\":0,\"torso_1\":56,\"beard_2\":6,\"shoes_1\":12,\"decals_1\":0,\"face\":19,\"lipstick_4\":0,\"tshirt_1\":15,\"mask_2\":0,\"age_2\":0,\"eyebrows_3\":0,\"chain_2\":0,\"glasses_1\":0,\"ears_1\":-1,\"bags_2\":0,\"ears_2\":0,\"torso_2\":0,\"bproof_2\":0,\"makeup_2\":0,\"eyebrows_1\":0,\"makeup_3\":0,\"pants_2\":0,\"beard_3\":0,\"hair_color_2\":4}','{\"age_1\":0,\"glasses_2\":0,\"beard_1\":5,\"decals_2\":0,\"beard_4\":0,\"shoes_2\":0,\"tshirt_2\":0,\"lipstick_2\":0,\"hair_2\":0,\"arms\":72,\"pants_1\":45,\"skin\":29,\"eyebrows_2\":0,\"shoes\":10,\"helmet_1\":-1,\"lipstick_1\":0,\"helmet_2\":0,\"hair_color_1\":0,\"glasses\":0,\"makeup_4\":0,\"makeup_1\":0,\"hair_1\":2,\"bproof_1\":0,\"bags_1\":0,\"mask_1\":0,\"lipstick_3\":0,\"chain_1\":0,\"eyebrows_4\":0,\"sex\":1,\"torso_1\":49,\"beard_2\":6,\"shoes_1\":24,\"decals_1\":0,\"face\":19,\"lipstick_4\":0,\"tshirt_1\":9,\"mask_2\":0,\"age_2\":0,\"eyebrows_3\":0,\"chain_2\":0,\"glasses_1\":5,\"ears_1\":-1,\"bags_2\":0,\"ears_2\":0,\"torso_2\":0,\"bproof_2\":0,\"makeup_2\":0,\"eyebrows_1\":0,\"makeup_3\":0,\"pants_2\":0,\"beard_3\":0,\"hair_color_2\":4}'),
(22,'ambulance',0,'ambulance','Jr. EMT',20,'{\"tshirt_2\":0,\"hair_color_1\":5,\"glasses_2\":3,\"shoes\":9,\"torso_2\":3,\"hair_color_2\":0,\"pants_1\":24,\"glasses_1\":4,\"hair_1\":2,\"sex\":0,\"decals_2\":0,\"tshirt_1\":15,\"helmet_1\":8,\"helmet_2\":0,\"arms\":92,\"face\":19,\"decals_1\":60,\"torso_1\":13,\"hair_2\":0,\"skin\":34,\"pants_2\":5}','{\"tshirt_2\":3,\"decals_2\":0,\"glasses\":0,\"hair_1\":2,\"torso_1\":73,\"shoes\":1,\"hair_color_2\":0,\"glasses_1\":19,\"skin\":13,\"face\":6,\"pants_2\":5,\"tshirt_1\":75,\"pants_1\":37,\"helmet_1\":57,\"torso_2\":0,\"arms\":14,\"sex\":1,\"glasses_2\":0,\"decals_1\":0,\"hair_2\":0,\"helmet_2\":0,\"hair_color_1\":0}'),
(23,'ambulance',1,'doctor','EMT',40,'{\"tshirt_2\":0,\"hair_color_1\":5,\"glasses_2\":3,\"shoes\":9,\"torso_2\":3,\"hair_color_2\":0,\"pants_1\":24,\"glasses_1\":4,\"hair_1\":2,\"sex\":0,\"decals_2\":0,\"tshirt_1\":15,\"helmet_1\":8,\"helmet_2\":0,\"arms\":92,\"face\":19,\"decals_1\":60,\"torso_1\":13,\"hair_2\":0,\"skin\":34,\"pants_2\":5}','{\"tshirt_2\":3,\"decals_2\":0,\"glasses\":0,\"hair_1\":2,\"torso_1\":73,\"shoes\":1,\"hair_color_2\":0,\"glasses_1\":19,\"skin\":13,\"face\":6,\"pants_2\":5,\"tshirt_1\":75,\"pants_1\":37,\"helmet_1\":57,\"torso_2\":0,\"arms\":14,\"sex\":1,\"glasses_2\":0,\"decals_1\":0,\"hair_2\":0,\"helmet_2\":0,\"hair_color_1\":0}'),
(24,'ambulance',2,'chief_doctor','Sr. EMT',60,'{\"tshirt_2\":0,\"hair_color_1\":5,\"glasses_2\":3,\"shoes\":9,\"torso_2\":3,\"hair_color_2\":0,\"pants_1\":24,\"glasses_1\":4,\"hair_1\":2,\"sex\":0,\"decals_2\":0,\"tshirt_1\":15,\"helmet_1\":8,\"helmet_2\":0,\"arms\":92,\"face\":19,\"decals_1\":60,\"torso_1\":13,\"hair_2\":0,\"skin\":34,\"pants_2\":5}','{\"tshirt_2\":3,\"decals_2\":0,\"glasses\":0,\"hair_1\":2,\"torso_1\":73,\"shoes\":1,\"hair_color_2\":0,\"glasses_1\":19,\"skin\":13,\"face\":6,\"pants_2\":5,\"tshirt_1\":75,\"pants_1\":37,\"helmet_1\":57,\"torso_2\":0,\"arms\":14,\"sex\":1,\"glasses_2\":0,\"decals_1\":0,\"hair_2\":0,\"helmet_2\":0,\"hair_color_1\":0}'),
(25,'ambulance',3,'boss','EMT Supervisor',80,'{\"tshirt_2\":0,\"hair_color_1\":5,\"glasses_2\":3,\"shoes\":9,\"torso_2\":3,\"hair_color_2\":0,\"pants_1\":24,\"glasses_1\":4,\"hair_1\":2,\"sex\":0,\"decals_2\":0,\"tshirt_1\":15,\"helmet_1\":8,\"helmet_2\":0,\"arms\":92,\"face\":19,\"decals_1\":60,\"torso_1\":13,\"hair_2\":0,\"skin\":34,\"pants_2\":5}','{\"tshirt_2\":3,\"decals_2\":0,\"glasses\":0,\"hair_1\":2,\"torso_1\":73,\"shoes\":1,\"hair_color_2\":0,\"glasses_1\":19,\"skin\":13,\"face\":6,\"pants_2\":5,\"tshirt_1\":75,\"pants_1\":37,\"helmet_1\":57,\"torso_2\":0,\"arms\":14,\"sex\":1,\"glasses_2\":0,\"decals_1\":0,\"hair_2\":0,\"helmet_2\":0,\"hair_color_1\":0}'),
(26,'mechanic',0,'recrue','Recruit',12,'{}','{}'),
(27,'mechanic',1,'novice','Novice',24,'{}','{}'),
(28,'mechanic',2,'experimente','Experienced',36,'{}','{}'),
(29,'mechanic',3,'chief','Leader',48,'{}','{}'),
(30,'mechanic',4,'boss','Boss',0,'{}','{}'),
(31,'taxi',0,'recrue','Recruit',12,'{\"hair_2\":0,\"hair_color_2\":0,\"torso_1\":32,\"bags_1\":0,\"helmet_2\":0,\"chain_2\":0,\"eyebrows_3\":0,\"makeup_3\":0,\"makeup_2\":0,\"tshirt_1\":31,\"makeup_1\":0,\"bags_2\":0,\"makeup_4\":0,\"eyebrows_4\":0,\"chain_1\":0,\"lipstick_4\":0,\"bproof_2\":0,\"hair_color_1\":0,\"decals_2\":0,\"pants_2\":0,\"age_2\":0,\"glasses_2\":0,\"ears_2\":0,\"arms\":27,\"lipstick_1\":0,\"ears_1\":-1,\"mask_2\":0,\"sex\":0,\"lipstick_3\":0,\"helmet_1\":-1,\"shoes_2\":0,\"beard_2\":0,\"beard_1\":0,\"lipstick_2\":0,\"beard_4\":0,\"glasses_1\":0,\"bproof_1\":0,\"mask_1\":0,\"decals_1\":1,\"hair_1\":0,\"eyebrows_2\":0,\"beard_3\":0,\"age_1\":0,\"tshirt_2\":0,\"skin\":0,\"torso_2\":0,\"eyebrows_1\":0,\"face\":0,\"shoes_1\":10,\"pants_1\":24}','{\"hair_2\":0,\"hair_color_2\":0,\"torso_1\":57,\"bags_1\":0,\"helmet_2\":0,\"chain_2\":0,\"eyebrows_3\":0,\"makeup_3\":0,\"makeup_2\":0,\"tshirt_1\":38,\"makeup_1\":0,\"bags_2\":0,\"makeup_4\":0,\"eyebrows_4\":0,\"chain_1\":0,\"lipstick_4\":0,\"bproof_2\":0,\"hair_color_1\":0,\"decals_2\":0,\"pants_2\":1,\"age_2\":0,\"glasses_2\":0,\"ears_2\":0,\"arms\":21,\"lipstick_1\":0,\"ears_1\":-1,\"mask_2\":0,\"sex\":1,\"lipstick_3\":0,\"helmet_1\":-1,\"shoes_2\":0,\"beard_2\":0,\"beard_1\":0,\"lipstick_2\":0,\"beard_4\":0,\"glasses_1\":5,\"bproof_1\":0,\"mask_1\":0,\"decals_1\":1,\"hair_1\":0,\"eyebrows_2\":0,\"beard_3\":0,\"age_1\":0,\"tshirt_2\":0,\"skin\":0,\"torso_2\":0,\"eyebrows_1\":0,\"face\":0,\"shoes_1\":49,\"pants_1\":11}'),
(32,'taxi',1,'novice','Cabby',24,'{\"hair_2\":0,\"hair_color_2\":0,\"torso_1\":32,\"bags_1\":0,\"helmet_2\":0,\"chain_2\":0,\"eyebrows_3\":0,\"makeup_3\":0,\"makeup_2\":0,\"tshirt_1\":31,\"makeup_1\":0,\"bags_2\":0,\"makeup_4\":0,\"eyebrows_4\":0,\"chain_1\":0,\"lipstick_4\":0,\"bproof_2\":0,\"hair_color_1\":0,\"decals_2\":0,\"pants_2\":0,\"age_2\":0,\"glasses_2\":0,\"ears_2\":0,\"arms\":27,\"lipstick_1\":0,\"ears_1\":-1,\"mask_2\":0,\"sex\":0,\"lipstick_3\":0,\"helmet_1\":-1,\"shoes_2\":0,\"beard_2\":0,\"beard_1\":0,\"lipstick_2\":0,\"beard_4\":0,\"glasses_1\":0,\"bproof_1\":0,\"mask_1\":0,\"decals_1\":1,\"hair_1\":0,\"eyebrows_2\":0,\"beard_3\":0,\"age_1\":0,\"tshirt_2\":0,\"skin\":0,\"torso_2\":0,\"eyebrows_1\":0,\"face\":0,\"shoes_1\":10,\"pants_1\":24}','{\"hair_2\":0,\"hair_color_2\":0,\"torso_1\":57,\"bags_1\":0,\"helmet_2\":0,\"chain_2\":0,\"eyebrows_3\":0,\"makeup_3\":0,\"makeup_2\":0,\"tshirt_1\":38,\"makeup_1\":0,\"bags_2\":0,\"makeup_4\":0,\"eyebrows_4\":0,\"chain_1\":0,\"lipstick_4\":0,\"bproof_2\":0,\"hair_color_1\":0,\"decals_2\":0,\"pants_2\":1,\"age_2\":0,\"glasses_2\":0,\"ears_2\":0,\"arms\":21,\"lipstick_1\":0,\"ears_1\":-1,\"mask_2\":0,\"sex\":1,\"lipstick_3\":0,\"helmet_1\":-1,\"shoes_2\":0,\"beard_2\":0,\"beard_1\":0,\"lipstick_2\":0,\"beard_4\":0,\"glasses_1\":5,\"bproof_1\":0,\"mask_1\":0,\"decals_1\":1,\"hair_1\":0,\"eyebrows_2\":0,\"beard_3\":0,\"age_1\":0,\"tshirt_2\":0,\"skin\":0,\"torso_2\":0,\"eyebrows_1\":0,\"face\":0,\"shoes_1\":49,\"pants_1\":11}'),
(33,'taxi',2,'experimente','Experienced',36,'{\"hair_2\":0,\"hair_color_2\":0,\"torso_1\":26,\"bags_1\":0,\"helmet_2\":0,\"chain_2\":0,\"eyebrows_3\":0,\"makeup_3\":0,\"makeup_2\":0,\"tshirt_1\":57,\"makeup_1\":0,\"bags_2\":0,\"makeup_4\":0,\"eyebrows_4\":0,\"chain_1\":0,\"lipstick_4\":0,\"bproof_2\":0,\"hair_color_1\":0,\"decals_2\":0,\"pants_2\":4,\"age_2\":0,\"glasses_2\":0,\"ears_2\":0,\"arms\":11,\"lipstick_1\":0,\"ears_1\":-1,\"mask_2\":0,\"sex\":0,\"lipstick_3\":0,\"helmet_1\":-1,\"shoes_2\":0,\"beard_2\":0,\"beard_1\":0,\"lipstick_2\":0,\"beard_4\":0,\"glasses_1\":0,\"bproof_1\":0,\"mask_1\":0,\"decals_1\":0,\"hair_1\":0,\"eyebrows_2\":0,\"beard_3\":0,\"age_1\":0,\"tshirt_2\":0,\"skin\":0,\"torso_2\":0,\"eyebrows_1\":0,\"face\":0,\"shoes_1\":10,\"pants_1\":24}','{\"hair_2\":0,\"hair_color_2\":0,\"torso_1\":57,\"bags_1\":0,\"helmet_2\":0,\"chain_2\":0,\"eyebrows_3\":0,\"makeup_3\":0,\"makeup_2\":0,\"tshirt_1\":38,\"makeup_1\":0,\"bags_2\":0,\"makeup_4\":0,\"eyebrows_4\":0,\"chain_1\":0,\"lipstick_4\":0,\"bproof_2\":0,\"hair_color_1\":0,\"decals_2\":0,\"pants_2\":1,\"age_2\":0,\"glasses_2\":0,\"ears_2\":0,\"arms\":21,\"lipstick_1\":0,\"ears_1\":-1,\"mask_2\":0,\"sex\":1,\"lipstick_3\":0,\"helmet_1\":-1,\"shoes_2\":0,\"beard_2\":0,\"beard_1\":0,\"lipstick_2\":0,\"beard_4\":0,\"glasses_1\":5,\"bproof_1\":0,\"mask_1\":0,\"decals_1\":1,\"hair_1\":0,\"eyebrows_2\":0,\"beard_3\":0,\"age_1\":0,\"tshirt_2\":0,\"skin\":0,\"torso_2\":0,\"eyebrows_1\":0,\"face\":0,\"shoes_1\":49,\"pants_1\":11}'),
(34,'taxi',3,'uber','Uber Cabby',48,'{\"hair_2\":0,\"hair_color_2\":0,\"torso_1\":26,\"bags_1\":0,\"helmet_2\":0,\"chain_2\":0,\"eyebrows_3\":0,\"makeup_3\":0,\"makeup_2\":0,\"tshirt_1\":57,\"makeup_1\":0,\"bags_2\":0,\"makeup_4\":0,\"eyebrows_4\":0,\"chain_1\":0,\"lipstick_4\":0,\"bproof_2\":0,\"hair_color_1\":0,\"decals_2\":0,\"pants_2\":4,\"age_2\":0,\"glasses_2\":0,\"ears_2\":0,\"arms\":11,\"lipstick_1\":0,\"ears_1\":-1,\"mask_2\":0,\"sex\":0,\"lipstick_3\":0,\"helmet_1\":-1,\"shoes_2\":0,\"beard_2\":0,\"beard_1\":0,\"lipstick_2\":0,\"beard_4\":0,\"glasses_1\":0,\"bproof_1\":0,\"mask_1\":0,\"decals_1\":0,\"hair_1\":0,\"eyebrows_2\":0,\"beard_3\":0,\"age_1\":0,\"tshirt_2\":0,\"skin\":0,\"torso_2\":0,\"eyebrows_1\":0,\"face\":0,\"shoes_1\":10,\"pants_1\":24}','{\"hair_2\":0,\"hair_color_2\":0,\"torso_1\":57,\"bags_1\":0,\"helmet_2\":0,\"chain_2\":0,\"eyebrows_3\":0,\"makeup_3\":0,\"makeup_2\":0,\"tshirt_1\":38,\"makeup_1\":0,\"bags_2\":0,\"makeup_4\":0,\"eyebrows_4\":0,\"chain_1\":0,\"lipstick_4\":0,\"bproof_2\":0,\"hair_color_1\":0,\"decals_2\":0,\"pants_2\":1,\"age_2\":0,\"glasses_2\":0,\"ears_2\":0,\"arms\":21,\"lipstick_1\":0,\"ears_1\":-1,\"mask_2\":0,\"sex\":1,\"lipstick_3\":0,\"helmet_1\":-1,\"shoes_2\":0,\"beard_2\":0,\"beard_1\":0,\"lipstick_2\":0,\"beard_4\":0,\"glasses_1\":5,\"bproof_1\":0,\"mask_1\":0,\"decals_1\":1,\"hair_1\":0,\"eyebrows_2\":0,\"beard_3\":0,\"age_1\":0,\"tshirt_2\":0,\"skin\":0,\"torso_2\":0,\"eyebrows_1\":0,\"face\":0,\"shoes_1\":49,\"pants_1\":11}'),
(35,'taxi',4,'boss','Lead Cabby',0,'{\"hair_2\":0,\"hair_color_2\":0,\"torso_1\":29,\"bags_1\":0,\"helmet_2\":0,\"chain_2\":0,\"eyebrows_3\":0,\"makeup_3\":0,\"makeup_2\":0,\"tshirt_1\":31,\"makeup_1\":0,\"bags_2\":0,\"makeup_4\":0,\"eyebrows_4\":0,\"chain_1\":0,\"lipstick_4\":0,\"bproof_2\":0,\"hair_color_1\":0,\"decals_2\":0,\"pants_2\":4,\"age_2\":0,\"glasses_2\":0,\"ears_2\":0,\"arms\":1,\"lipstick_1\":0,\"ears_1\":-1,\"mask_2\":0,\"sex\":0,\"lipstick_3\":0,\"helmet_1\":-1,\"shoes_2\":0,\"beard_2\":0,\"beard_1\":0,\"lipstick_2\":0,\"beard_4\":0,\"glasses_1\":0,\"bproof_1\":0,\"mask_1\":0,\"decals_1\":0,\"hair_1\":0,\"eyebrows_2\":0,\"beard_3\":0,\"age_1\":0,\"tshirt_2\":0,\"skin\":0,\"torso_2\":4,\"eyebrows_1\":0,\"face\":0,\"shoes_1\":10,\"pants_1\":24}','{\"hair_2\":0,\"hair_color_2\":0,\"torso_1\":57,\"bags_1\":0,\"helmet_2\":0,\"chain_2\":0,\"eyebrows_3\":0,\"makeup_3\":0,\"makeup_2\":0,\"tshirt_1\":38,\"makeup_1\":0,\"bags_2\":0,\"makeup_4\":0,\"eyebrows_4\":0,\"chain_1\":0,\"lipstick_4\":0,\"bproof_2\":0,\"hair_color_1\":0,\"decals_2\":0,\"pants_2\":1,\"age_2\":0,\"glasses_2\":0,\"ears_2\":0,\"arms\":21,\"lipstick_1\":0,\"ears_1\":-1,\"mask_2\":0,\"sex\":1,\"lipstick_3\":0,\"helmet_1\":-1,\"shoes_2\":0,\"beard_2\":0,\"beard_1\":0,\"lipstick_2\":0,\"beard_4\":0,\"glasses_1\":5,\"bproof_1\":0,\"mask_1\":0,\"decals_1\":1,\"hair_1\":0,\"eyebrows_2\":0,\"beard_3\":0,\"age_1\":0,\"tshirt_2\":0,\"skin\":0,\"torso_2\":0,\"eyebrows_1\":0,\"face\":0,\"shoes_1\":49,\"pants_1\":11}'),
(36,'realestate',0,'rookie','Rookie',20,'{}','{}'),
(37,'realestate',1,'seller','Seller',40,'{}','{}'),
(38,'realestate',2,'manager','Manager',60,'{}','{}'),
(39,'realestate',3,'boss','Boss',100,'{}','{}');
/*!40000 ALTER TABLE `job_grades` ENABLE KEYS */;
UNLOCK TABLES;

--
-- Table structure for table `jobs`
--

DROP TABLE IF EXISTS `jobs`;
/*!40101 SET @saved_cs_client     = @@character_set_client */;
/*!40101 SET character_set_client = utf8mb4 */;
CREATE TABLE `jobs` (
  `name` varchar(50) NOT NULL,
  `label` varchar(50) DEFAULT NULL,
  `whitelisted` tinyint(1) NOT NULL DEFAULT 0
) ENGINE=InnoDB DEFAULT CHARSET=utf8mb4 COLLATE=utf8mb4_general_ci;
/*!40101 SET character_set_client = @saved_cs_client */;

--
-- Dumping data for table `jobs`
--

LOCK TABLES `jobs` WRITE;
/*!40000 ALTER TABLE `jobs` DISABLE KEYS */;
INSERT INTO `jobs` VALUES
('ambulance','EMS',0),
('cardealer','Cardealer',0),
('fisherman','Fisherman',0),
('fueler','Fueler',0),
('lumberjack','Lumberjack',0),
('mechanic','Mechanic',0),
('miner','Miner',0),
('police','LSPD',0),
('reporter','Reporter',0),
('slaughterer','Butcher',0),
('tailor','Tailor',0),
('taxi','Taxi',0),
('unemployed','Unemployed',0),
('banker','Banker',0),
('nailsalon','Nail Salon',0),
('realestate','Realestate',0);
/*!40000 ALTER TABLE `jobs` ENABLE KEYS */;
UNLOCK TABLES;

--
-- Table structure for table `licenses`
--

DROP TABLE IF EXISTS `licenses`;
/*!40101 SET @saved_cs_client     = @@character_set_client */;
/*!40101 SET character_set_client = utf8mb4 */;
CREATE TABLE `licenses` (
  `type` varchar(60) NOT NULL,
  `label` varchar(60) NOT NULL
) ENGINE=InnoDB DEFAULT CHARSET=utf8mb4 COLLATE=utf8mb4_general_ci;
/*!40101 SET character_set_client = @saved_cs_client */;

--
-- Dumping data for table `licenses`
--

LOCK TABLES `licenses` WRITE;
/*!40000 ALTER TABLE `licenses` DISABLE KEYS */;
INSERT INTO `licenses` VALUES
('dmv','Driving Permit'),
('drive','Drivers License'),
('drive_bike','Motorcycle License'),
('drive_truck','Commercial Drivers License'),
('weed_processing','Weed Processing License'),
('boat','Boat License'),
('weapon','Weapon License'),
('weapon','Weapon License'),
('weapon','Weapon License'),
('weapon','Weapon License'),
('weapon','Weapon License'),
('weapon','Weapon License'),
('weapon','Weapon License'),
('weapon','Weapon License'),
('weapon','Weapon License'),
('weapon','Weapon License'),
('weapon','Weapon License'),
('weapon','Weapon License'),
('weapon','Weapon License'),
('weapon','Weapon License'),
('weapon','Weapon License'),
('weapon','Weapon License'),
('weapon','Weapon License'),
('weapon','Weapon License'),
('weapon','Weapon License'),
('weapon','Weapon License'),
('weapon','Weapon License'),
('weapon','Weapon License'),
('weapon','Weapon License'),
('weapon','Weapon License'),
('weapon','Weapon License'),
('weapon','Weapon License'),
('weapon','Weapon License'),
('weapon','Weapon License'),
('weapon','Weapon License'),
('weapon','Weapon License'),
('weapon','Weapon License'),
('weapon','Weapon License'),
('weapon','Weapon License'),
('weapon','Weapon License'),
('weapon','Weapon License'),
('weapon','Weapon License');
/*!40000 ALTER TABLE `licenses` ENABLE KEYS */;
UNLOCK TABLES;

--
-- Table structure for table `management_outfits`
--

DROP TABLE IF EXISTS `management_outfits`;
/*!40101 SET @saved_cs_client     = @@character_set_client */;
/*!40101 SET character_set_client = utf8mb4 */;
CREATE TABLE `management_outfits` (
  `id` int(11) NOT NULL AUTO_INCREMENT,
  `job_name` varchar(50) NOT NULL,
  `type` varchar(50) NOT NULL,
  `minrank` int(11) NOT NULL DEFAULT 0,
  `name` varchar(50) NOT NULL DEFAULT 'Cool Outfit',
  `gender` varchar(50) NOT NULL DEFAULT 'male',
  `model` varchar(50) DEFAULT NULL,
  `props` varchar(1000) DEFAULT NULL,
  `components` varchar(1500) DEFAULT NULL,
  PRIMARY KEY (`id`)
) ENGINE=InnoDB AUTO_INCREMENT=26 DEFAULT CHARSET=utf8mb4 COLLATE=utf8mb4_uca1400_ai_ci;
/*!40101 SET character_set_client = @saved_cs_client */;

--
-- Dumping data for table `management_outfits`
--

LOCK TABLES `management_outfits` WRITE;
/*!40000 ALTER TABLE `management_outfits` DISABLE KEYS */;
/*!40000 ALTER TABLE `management_outfits` ENABLE KEYS */;
UNLOCK TABLES;

--
-- Table structure for table `multicharacter_slots`
--

DROP TABLE IF EXISTS `multicharacter_slots`;
/*!40101 SET @saved_cs_client     = @@character_set_client */;
/*!40101 SET character_set_client = utf8mb4 */;
CREATE TABLE `multicharacter_slots` (
  `identifier` varchar(60) NOT NULL,
  `slots` int(11) NOT NULL,
  PRIMARY KEY (`identifier`) USING BTREE,
  KEY `slots` (`slots`) USING BTREE
) ENGINE=InnoDB DEFAULT CHARSET=utf8mb4 COLLATE=utf8mb4_general_ci;
/*!40101 SET character_set_client = @saved_cs_client */;

--
-- Dumping data for table `multicharacter_slots`
--

LOCK TABLES `multicharacter_slots` WRITE;
/*!40000 ALTER TABLE `multicharacter_slots` DISABLE KEYS */;
/*!40000 ALTER TABLE `multicharacter_slots` ENABLE KEYS */;
UNLOCK TABLES;

--
-- Table structure for table `owned_vehicles`
--

DROP TABLE IF EXISTS `owned_vehicles`;
/*!40101 SET @saved_cs_client     = @@character_set_client */;
/*!40101 SET character_set_client = utf8mb4 */;
CREATE TABLE `owned_vehicles` (
  `owner` varchar(60) DEFAULT NULL,
  `plate` varchar(12) NOT NULL,
  `vehicle` longtext DEFAULT NULL,
  `type` varchar(20) NOT NULL DEFAULT 'car',
  `job` varchar(20) DEFAULT NULL,
  `stored` tinyint(4) NOT NULL DEFAULT 0,
  `parking` varchar(60) DEFAULT NULL,
  `pound` varchar(60) DEFAULT NULL,
  `glovebox` longtext DEFAULT NULL,
  `trunk` longtext DEFAULT NULL,
  `garagetime` int(11) NOT NULL DEFAULT 0,
  `trailer` longtext DEFAULT NULL
) ENGINE=InnoDB DEFAULT CHARSET=utf8mb4 COLLATE=utf8mb4_general_ci;
/*!40101 SET character_set_client = @saved_cs_client */;

--
-- Dumping data for table `owned_vehicles`
--

LOCK TABLES `owned_vehicles` WRITE;
/*!40000 ALTER TABLE `owned_vehicles` DISABLE KEYS */;
/*!40000 ALTER TABLE `owned_vehicles` ENABLE KEYS */;
UNLOCK TABLES;

--
-- Table structure for table `ox_inventory`
--

DROP TABLE IF EXISTS `ox_inventory`;
/*!40101 SET @saved_cs_client     = @@character_set_client */;
/*!40101 SET character_set_client = utf8mb4 */;
CREATE TABLE `ox_inventory` (
  `owner` varchar(60) DEFAULT NULL,
  `name` varchar(100) NOT NULL,
  `data` longtext DEFAULT NULL,
  `lastupdated` timestamp NULL DEFAULT current_timestamp() ON UPDATE current_timestamp(),
  UNIQUE KEY `owner` (`owner`,`name`)
) ENGINE=InnoDB DEFAULT CHARSET=utf8mb4 COLLATE=utf8mb4_general_ci;
/*!40101 SET character_set_client = @saved_cs_client */;

--
-- Dumping data for table `ox_inventory`
--

LOCK TABLES `ox_inventory` WRITE;
/*!40000 ALTER TABLE `ox_inventory` DISABLE KEYS */;
/*!40000 ALTER TABLE `ox_inventory` ENABLE KEYS */;
UNLOCK TABLES;

--
-- Table structure for table `player_outfit_codes`
--

DROP TABLE IF EXISTS `player_outfit_codes`;
/*!40101 SET @saved_cs_client     = @@character_set_client */;
/*!40101 SET character_set_client = utf8mb4 */;
CREATE TABLE `player_outfit_codes` (
  `id` int(11) NOT NULL AUTO_INCREMENT,
  `outfitid` int(11) NOT NULL,
  `code` varchar(50) NOT NULL DEFAULT '',
  PRIMARY KEY (`id`),
  KEY `FK_player_outfit_codes_player_outfits` (`outfitid`)
) ENGINE=InnoDB DEFAULT CHARSET=utf8mb4 COLLATE=utf8mb4_general_ci;
/*!40101 SET character_set_client = @saved_cs_client */;

--
-- Dumping data for table `player_outfit_codes`
--

LOCK TABLES `player_outfit_codes` WRITE;
/*!40000 ALTER TABLE `player_outfit_codes` DISABLE KEYS */;
/*!40000 ALTER TABLE `player_outfit_codes` ENABLE KEYS */;
UNLOCK TABLES;

--
-- Table structure for table `player_outfits`
--

DROP TABLE IF EXISTS `player_outfits`;
/*!40101 SET @saved_cs_client     = @@character_set_client */;
/*!40101 SET character_set_client = utf8mb4 */;
CREATE TABLE `player_outfits` (
  `id` int(11) NOT NULL AUTO_INCREMENT,
  `identifier` varchar(50) DEFAULT NULL,
  `outfitname` varchar(50) NOT NULL,
  `skin` text DEFAULT NULL,
  `outfitId` varchar(50) NOT NULL,
  PRIMARY KEY (`id`),
  KEY `identifier` (`identifier`),
  KEY `outfitId` (`outfitId`)
) ENGINE=InnoDB AUTO_INCREMENT=2 DEFAULT CHARSET=utf8mb3 COLLATE=utf8mb3_uca1400_ai_ci;
/*!40101 SET character_set_client = @saved_cs_client */;

--
-- Dumping data for table `player_outfits`
--

LOCK TABLES `player_outfits` WRITE;
/*!40000 ALTER TABLE `player_outfits` DISABLE KEYS */;
INSERT INTO `player_outfits` VALUES
(1,'char5:cd064177c962c333af574fb1958004255948991a','BM','{\"bags_2\":0,\"helmet_1\":250,\"tshirt_2\":0,\"watches_1\":-1,\"lipstick_3\":0,\"glasses_2\":0,\"decals_1\":0,\"chain_2\":0,\"bracelets_1\":-1,\"bproof_1\":71,\"pants_2\":0,\"watches_2\":0,\"ears_1\":-1,\"glasses_1\":0,\"blush_2\":0,\"lipstick_4\":0,\"mask_2\":0,\"decals_2\":0,\"torso_1\":584,\"arms\":0,\"makeup_4\":0,\"blush_1\":0,\"torso_2\":0,\"ears_2\":0,\"chain_1\":0,\"makeup_2\":0,\"makeup_3\":0,\"bracelets_2\":0,\"helmet_2\":0,\"blush_3\":0,\"tshirt_1\":58,\"bproof_2\":0,\"shoes_1\":25,\"arms_2\":0,\"pants_1\":221,\"lipstick_2\":0,\"lipstick_1\":0,\"mask_1\":0,\"makeup_1\":0,\"bags_1\":0,\"shoes_2\":0}','outfit-4-3343');
/*!40000 ALTER TABLE `player_outfits` ENABLE KEYS */;
UNLOCK TABLES;

--
-- Table structure for table `playerskins`
--

DROP TABLE IF EXISTS `playerskins`;
/*!40101 SET @saved_cs_client     = @@character_set_client */;
/*!40101 SET character_set_client = utf8mb4 */;
CREATE TABLE `playerskins` (
  `id` int(11) NOT NULL AUTO_INCREMENT,
  `citizenid` varchar(255) NOT NULL,
  `model` varchar(255) NOT NULL,
  `skin` text NOT NULL,
  `active` tinyint(4) NOT NULL DEFAULT 1,
  PRIMARY KEY (`id`),
  KEY `citizenid` (`citizenid`),
  KEY `active` (`active`)
) ENGINE=InnoDB AUTO_INCREMENT=188 DEFAULT CHARSET=utf8mb3 COLLATE=utf8mb3_general_ci;
/*!40101 SET character_set_client = @saved_cs_client */;

--
-- Dumping data for table `playerskins`
--

LOCK TABLES `playerskins` WRITE;
/*!40000 ALTER TABLE `playerskins` DISABLE KEYS */;
INSERT INTO `playerskins` VALUES
(185,'char3:cd064177c962c333af574fb1958004255948991a','1885233650','{\"beard\":{\"item\":-1,\"defaultItem\":-1,\"texture\":1,\"defaultTexture\":1},\"eye_color\":{\"item\":4,\"defaultItem\":-1,\"texture\":0,\"defaultTexture\":0},\"blush\":{\"item\":-1,\"defaultItem\":-1,\"texture\":1,\"defaultTexture\":1},\"hair\":{\"item\":22,\"defaultItem\":0,\"texture\":0,\"defaultTexture\":0},\"chimp_hole\":{\"item\":0,\"defaultItem\":0,\"texture\":0,\"defaultTexture\":0},\"makeup\":{\"item\":-1,\"defaultItem\":-1,\"texture\":1,\"defaultTexture\":1},\"nose_4\":{\"item\":0,\"defaultItem\":0,\"texture\":0,\"defaultTexture\":0},\"shoes\":{\"item\":25,\"defaultItem\":1,\"texture\":0,\"defaultTexture\":0},\"accessory\":{\"item\":0,\"defaultItem\":0,\"texture\":0,\"defaultTexture\":0},\"torso2\":{\"item\":584,\"defaultItem\":0,\"texture\":0,\"defaultTexture\":0},\"mask\":{\"item\":0,\"defaultItem\":0,\"texture\":0,\"defaultTexture\":0},\"face\":{\"item\":0,\"defaultItem\":0,\"texture\":0,\"defaultTexture\":0},\"chimp_bone_width\":{\"item\":0,\"defaultItem\":0,\"texture\":0,\"defaultTexture\":0},\"jaw_bone_back_lenght\":{\"item\":0,\"defaultItem\":0,\"texture\":0,\"defaultTexture\":0},\"nose_2\":{\"item\":0,\"defaultItem\":0,\"texture\":0,\"defaultTexture\":0},\"neck_thikness\":{\"item\":0,\"defaultItem\":0,\"texture\":0,\"defaultTexture\":0},\"chimp_bone_lenght\":{\"item\":0,\"defaultItem\":0,\"texture\":0,\"defaultTexture\":0},\"chimp_bone_lowering\":{\"item\":0,\"defaultItem\":0,\"texture\":0,\"defaultTexture\":0},\"eyebrown_forward\":{\"item\":0,\"defaultItem\":0,\"texture\":0,\"defaultTexture\":0},\"nose_1\":{\"item\":0,\"defaultItem\":0,\"texture\":0,\"defaultTexture\":0},\"ear\":{\"item\":-1,\"defaultItem\":-1,\"texture\":0,\"defaultTexture\":0},\"jaw_bone_width\":{\"item\":0,\"defaultItem\":0,\"texture\":0,\"defaultTexture\":0},\"lips_thickness\":{\"item\":0,\"defaultItem\":0,\"texture\":0,\"defaultTexture\":0},\"eye_opening\":{\"item\":0,\"defaultItem\":0,\"texture\":0,\"defaultTexture\":0},\"cheek_3\":{\"item\":0,\"defaultItem\":0,\"texture\":0,\"defaultTexture\":0},\"bracelet\":{\"item\":-1,\"defaultItem\":-1,\"texture\":0,\"defaultTexture\":0},\"model\":\"mp_m_freemode_01\",\"vest\":{\"item\":71,\"defaultItem\":0,\"texture\":0,\"defaultTexture\":0},\"cheek_2\":{\"item\":0,\"defaultItem\":0,\"texture\":0,\"defaultTexture\":0},\"nose_0\":{\"item\":0,\"defaultItem\":0,\"texture\":0,\"defaultTexture\":0},\"cheek_1\":{\"item\":0,\"defaultItem\":0,\"texture\":0,\"defaultTexture\":0},\"nose_5\":{\"item\":0,\"defaultItem\":0,\"texture\":0,\"defaultTexture\":0},\"face2\":{\"item\":0,\"defaultItem\":0,\"texture\":0,\"defaultTexture\":0},\"nose_3\":{\"item\":0,\"defaultItem\":0,\"texture\":0,\"defaultTexture\":0},\"eyebrown_high\":{\"item\":0,\"defaultItem\":0,\"texture\":0,\"defaultTexture\":0},\"moles\":{\"item\":-1,\"defaultItem\":-1,\"texture\":0,\"defaultTexture\":0},\"decals\":{\"item\":0,\"defaultItem\":0,\"texture\":0,\"defaultTexture\":0},\"watch\":{\"item\":-1,\"defaultItem\":-1,\"texture\":0,\"defaultTexture\":0},\"glass\":{\"item\":0,\"defaultItem\":0,\"texture\":0,\"defaultTexture\":0},\"eyebrows\":{\"item\":-1,\"defaultItem\":-1,\"texture\":1,\"defaultTexture\":1},\"hat\":{\"item\":250,\"defaultItem\":-1,\"texture\":0,\"defaultTexture\":0},\"facemix\":{\"defaultShapeMix\":0.0,\"skinMix\":0,\"shapeMix\":0,\"defaultSkinMix\":0.0},\"arms\":{\"item\":0,\"defaultItem\":0,\"texture\":0,\"defaultTexture\":0},\"t-shirt\":{\"item\":58,\"defaultItem\":15,\"texture\":0,\"defaultTexture\":0},\"migrate\":\"true\",\"bag\":{\"item\":0,\"defaultItem\":0,\"texture\":0,\"defaultTexture\":0},\"pants\":{\"item\":221,\"defaultItem\":0,\"texture\":0,\"defaultTexture\":0},\"ageing\":{\"item\":-1,\"defaultItem\":-1,\"texture\":0,\"defaultTexture\":0},\"lipstick\":{\"item\":-1,\"defaultItem\":-1,\"texture\":1,\"defaultTexture\":1}}',1),
(186,'char4:cd064177c962c333af574fb1958004255948991a','-1667301416','{\"ear\":{\"defaultTexture\":0,\"item\":-1,\"texture\":0,\"defaultItem\":-1},\"mask\":{\"defaultTexture\":0,\"item\":0,\"texture\":0,\"defaultItem\":0},\"makeup\":{\"defaultTexture\":1,\"item\":-1,\"texture\":1,\"defaultItem\":-1},\"jaw_bone_back_lenght\":{\"defaultTexture\":0,\"item\":0,\"texture\":0,\"defaultItem\":0},\"hair\":{\"defaultTexture\":0,\"item\":7,\"texture\":0,\"defaultItem\":0},\"lips_thickness\":{\"defaultTexture\":0,\"item\":0,\"texture\":0,\"defaultItem\":0},\"cheek_2\":{\"defaultTexture\":0,\"item\":0,\"texture\":0,\"defaultItem\":0},\"arms\":{\"defaultTexture\":0,\"item\":0,\"texture\":0,\"defaultItem\":0},\"bracelet\":{\"defaultTexture\":0,\"item\":-1,\"texture\":0,\"defaultItem\":-1},\"eyebrows\":{\"defaultTexture\":1,\"item\":-1,\"texture\":1,\"defaultItem\":-1},\"torso2\":{\"defaultTexture\":0,\"item\":0,\"texture\":0,\"defaultItem\":0},\"facemix\":{\"defaultSkinMix\":0.0,\"shapeMix\":0,\"defaultShapeMix\":0.0,\"skinMix\":0},\"pants\":{\"defaultTexture\":0,\"item\":0,\"texture\":0,\"defaultItem\":0},\"face2\":{\"defaultTexture\":0,\"item\":0,\"texture\":0,\"defaultItem\":0},\"glass\":{\"defaultTexture\":0,\"item\":0,\"texture\":0,\"defaultItem\":0},\"cheek_1\":{\"defaultTexture\":0,\"item\":0,\"texture\":0,\"defaultItem\":0},\"nose_1\":{\"defaultTexture\":0,\"item\":0,\"texture\":0,\"defaultItem\":0},\"jaw_bone_width\":{\"defaultTexture\":0,\"item\":0,\"texture\":0,\"defaultItem\":0},\"watch\":{\"defaultTexture\":0,\"item\":-1,\"texture\":0,\"defaultItem\":-1},\"bag\":{\"defaultTexture\":0,\"item\":0,\"texture\":0,\"defaultItem\":0},\"hat\":{\"defaultTexture\":0,\"item\":-1,\"texture\":0,\"defaultItem\":-1},\"blush\":{\"defaultTexture\":1,\"item\":-1,\"texture\":1,\"defaultItem\":-1},\"nose_2\":{\"defaultTexture\":0,\"item\":0,\"texture\":0,\"defaultItem\":0},\"lipstick\":{\"defaultTexture\":1,\"item\":-1,\"texture\":1,\"defaultItem\":-1},\"eyebrown_high\":{\"defaultTexture\":0,\"item\":0,\"texture\":0,\"defaultItem\":0},\"shoes\":{\"defaultTexture\":0,\"item\":1,\"texture\":0,\"defaultItem\":1},\"neck_thikness\":{\"defaultTexture\":0,\"item\":0,\"texture\":0,\"defaultItem\":0},\"chimp_hole\":{\"defaultTexture\":0,\"item\":0,\"texture\":0,\"defaultItem\":0},\"chimp_bone_width\":{\"defaultTexture\":0,\"item\":0,\"texture\":0,\"defaultItem\":0},\"chimp_bone_lenght\":{\"defaultTexture\":0,\"item\":0,\"texture\":0,\"defaultItem\":0},\"migrate\":\"true\",\"chimp_bone_lowering\":{\"defaultTexture\":0,\"item\":0,\"texture\":0,\"defaultItem\":0},\"eye_opening\":{\"defaultTexture\":0,\"item\":0,\"texture\":0,\"defaultItem\":0},\"eyebrown_forward\":{\"defaultTexture\":0,\"item\":0,\"texture\":0,\"defaultItem\":0},\"cheek_3\":{\"defaultTexture\":0,\"item\":0,\"texture\":0,\"defaultItem\":0},\"nose_3\":{\"defaultTexture\":0,\"item\":0,\"texture\":0,\"defaultItem\":0},\"nose_4\":{\"defaultTexture\":0,\"item\":0,\"texture\":0,\"defaultItem\":0},\"ageing\":{\"defaultTexture\":0,\"item\":-1,\"texture\":0,\"defaultItem\":-1},\"model\":\"mp_f_freemode_01\",\"nose_5\":{\"defaultTexture\":0,\"item\":0,\"texture\":0,\"defaultItem\":0},\"nose_0\":{\"defaultTexture\":0,\"item\":0,\"texture\":0,\"defaultItem\":0},\"moles\":{\"defaultTexture\":0,\"item\":-1,\"texture\":0,\"defaultItem\":-1},\"beard\":{\"defaultTexture\":1,\"item\":-1,\"texture\":1,\"defaultItem\":-1},\"eye_color\":{\"defaultTexture\":0,\"item\":-1,\"texture\":0,\"defaultItem\":-1},\"decals\":{\"defaultTexture\":0,\"item\":0,\"texture\":0,\"defaultItem\":0},\"face\":{\"defaultTexture\":0,\"item\":0,\"texture\":0,\"defaultItem\":0},\"accessory\":{\"defaultTexture\":0,\"item\":0,\"texture\":0,\"defaultItem\":0},\"vest\":{\"defaultTexture\":0,\"item\":0,\"texture\":0,\"defaultItem\":0},\"t-shirt\":{\"defaultTexture\":0,\"item\":15,\"texture\":0,\"defaultItem\":15}}',1),
(187,'char5:cd064177c962c333af574fb1958004255948991a','1885233650','{\"chimp_bone_width\":{\"defaultItem\":0,\"item\":0,\"defaultTexture\":0,\"texture\":0},\"migrate\":\"true\",\"hat\":{\"defaultItem\":-1,\"item\":-1,\"defaultTexture\":0,\"texture\":0},\"face2\":{\"defaultItem\":0,\"item\":0,\"defaultTexture\":0,\"texture\":0},\"eye_color\":{\"defaultItem\":-1,\"item\":-1,\"defaultTexture\":0,\"texture\":0},\"chimp_bone_lowering\":{\"defaultItem\":0,\"item\":0,\"defaultTexture\":0,\"texture\":0},\"t-shirt\":{\"defaultItem\":15,\"item\":15,\"defaultTexture\":0,\"texture\":0},\"bag\":{\"defaultItem\":0,\"item\":0,\"defaultTexture\":0,\"texture\":0},\"hair\":{\"defaultItem\":0,\"item\":13,\"defaultTexture\":0,\"texture\":0},\"chimp_hole\":{\"defaultItem\":0,\"item\":0,\"defaultTexture\":0,\"texture\":0},\"facemix\":{\"skinMix\":0,\"defaultShapeMix\":0.0,\"defaultSkinMix\":0.0,\"shapeMix\":0},\"cheek_2\":{\"defaultItem\":0,\"item\":0,\"defaultTexture\":0,\"texture\":0},\"eye_opening\":{\"defaultItem\":0,\"item\":0,\"defaultTexture\":0,\"texture\":0},\"eyebrows\":{\"defaultItem\":-1,\"item\":-1,\"defaultTexture\":1,\"texture\":1},\"lipstick\":{\"defaultItem\":-1,\"item\":-1,\"defaultTexture\":1,\"texture\":1},\"accessory\":{\"defaultItem\":0,\"item\":0,\"defaultTexture\":0,\"texture\":0},\"arms\":{\"defaultItem\":0,\"item\":0,\"defaultTexture\":0,\"texture\":0},\"cheek_3\":{\"defaultItem\":0,\"item\":0,\"defaultTexture\":0,\"texture\":0},\"blush\":{\"defaultItem\":-1,\"item\":-1,\"defaultTexture\":1,\"texture\":1},\"face\":{\"defaultItem\":0,\"item\":0,\"defaultTexture\":0,\"texture\":0},\"neck_thikness\":{\"defaultItem\":0,\"item\":0,\"defaultTexture\":0,\"texture\":0},\"decals\":{\"defaultItem\":0,\"item\":0,\"defaultTexture\":0,\"texture\":0},\"chimp_bone_lenght\":{\"defaultItem\":0,\"item\":0,\"defaultTexture\":0,\"texture\":0},\"beard\":{\"defaultItem\":-1,\"item\":-1,\"defaultTexture\":1,\"texture\":1},\"jaw_bone_back_lenght\":{\"defaultItem\":0,\"item\":0,\"defaultTexture\":0,\"texture\":0},\"eyebrown_forward\":{\"defaultItem\":0,\"item\":0,\"defaultTexture\":0,\"texture\":0},\"torso2\":{\"defaultItem\":0,\"item\":591,\"defaultTexture\":0,\"texture\":0},\"pants\":{\"defaultItem\":0,\"item\":0,\"defaultTexture\":0,\"texture\":0},\"lips_thickness\":{\"defaultItem\":0,\"item\":0,\"defaultTexture\":0,\"texture\":0},\"eyebrown_high\":{\"defaultItem\":0,\"item\":0,\"defaultTexture\":0,\"texture\":0},\"watch\":{\"defaultItem\":-1,\"item\":-1,\"defaultTexture\":0,\"texture\":0},\"vest\":{\"defaultItem\":0,\"item\":0,\"defaultTexture\":0,\"texture\":0},\"cheek_1\":{\"defaultItem\":0,\"item\":0,\"defaultTexture\":0,\"texture\":0},\"nose_5\":{\"defaultItem\":0,\"item\":0,\"defaultTexture\":0,\"texture\":0},\"bracelet\":{\"defaultItem\":-1,\"item\":-1,\"defaultTexture\":0,\"texture\":0},\"ear\":{\"defaultItem\":-1,\"item\":-1,\"defaultTexture\":0,\"texture\":0},\"makeup\":{\"defaultItem\":-1,\"item\":-1,\"defaultTexture\":1,\"texture\":1},\"nose_3\":{\"defaultItem\":0,\"item\":0,\"defaultTexture\":0,\"texture\":0},\"nose_4\":{\"defaultItem\":0,\"item\":0,\"defaultTexture\":0,\"texture\":0},\"nose_0\":{\"defaultItem\":0,\"item\":0,\"defaultTexture\":0,\"texture\":0},\"nose_2\":{\"defaultItem\":0,\"item\":0,\"defaultTexture\":0,\"texture\":0},\"nose_1\":{\"defaultItem\":0,\"item\":0,\"defaultTexture\":0,\"texture\":0},\"jaw_bone_width\":{\"defaultItem\":0,\"item\":0,\"defaultTexture\":0,\"texture\":0},\"glass\":{\"defaultItem\":0,\"item\":0,\"defaultTexture\":0,\"texture\":0},\"shoes\":{\"defaultItem\":1,\"item\":1,\"defaultTexture\":0,\"texture\":0},\"model\":\"mp_m_freemode_01\",\"mask\":{\"defaultItem\":0,\"item\":0,\"defaultTexture\":0,\"texture\":0},\"ageing\":{\"defaultItem\":-1,\"item\":-1,\"defaultTexture\":0,\"texture\":0},\"moles\":{\"defaultItem\":-1,\"item\":-1,\"defaultTexture\":0,\"texture\":0}}',1);
/*!40000 ALTER TABLE `playerskins` ENABLE KEYS */;
UNLOCK TABLES;

--
-- Table structure for table `rented_vehicles`
--

DROP TABLE IF EXISTS `rented_vehicles`;
/*!40101 SET @saved_cs_client     = @@character_set_client */;
/*!40101 SET character_set_client = utf8mb4 */;
CREATE TABLE `rented_vehicles` (
  `vehicle` varchar(60) NOT NULL,
  `plate` varchar(12) NOT NULL,
  `player_name` varchar(255) NOT NULL,
  `base_price` int(11) NOT NULL,
  `rent_price` int(11) NOT NULL,
  `owner` varchar(46) DEFAULT NULL
) ENGINE=InnoDB DEFAULT CHARSET=utf8mb4 COLLATE=utf8mb4_general_ci;
/*!40101 SET character_set_client = @saved_cs_client */;

--
-- Dumping data for table `rented_vehicles`
--

LOCK TABLES `rented_vehicles` WRITE;
/*!40000 ALTER TABLE `rented_vehicles` DISABLE KEYS */;
/*!40000 ALTER TABLE `rented_vehicles` ENABLE KEYS */;
UNLOCK TABLES;

--
-- Table structure for table `saved_skins`
--

DROP TABLE IF EXISTS `saved_skins`;
/*!40101 SET @saved_cs_client     = @@character_set_client */;
/*!40101 SET character_set_client = utf8mb4 */;
CREATE TABLE `saved_skins` (
  `id` int(11) NOT NULL AUTO_INCREMENT,
  `license` varchar(255) NOT NULL,
  `model` varchar(255) NOT NULL,
  `mugshot` longtext NOT NULL,
  `skin` text NOT NULL,
  `skin2` text NOT NULL,
  `type` text NOT NULL,
  PRIMARY KEY (`id`),
  KEY `license` (`license`)
) ENGINE=InnoDB AUTO_INCREMENT=119 DEFAULT CHARSET=utf8mb3 COLLATE=utf8mb3_general_ci;
/*!40101 SET character_set_client = @saved_cs_client */;

--
-- Dumping data for table `saved_skins`
--

LOCK TABLES `saved_skins` WRITE;
/*!40000 ALTER TABLE `saved_skins` DISABLE KEYS */;
/*!40000 ALTER TABLE `saved_skins` ENABLE KEYS */;
UNLOCK TABLES;

--
-- Table structure for table `society_moneywash`
--

DROP TABLE IF EXISTS `society_moneywash`;
/*!40101 SET @saved_cs_client     = @@character_set_client */;
/*!40101 SET character_set_client = utf8mb4 */;
CREATE TABLE `society_moneywash` (
  `id` int(11) NOT NULL,
  `identifier` varchar(60) NOT NULL,
  `society` varchar(60) NOT NULL,
  `amount` int(11) NOT NULL
) ENGINE=InnoDB DEFAULT CHARSET=utf8mb4 COLLATE=utf8mb4_general_ci;
/*!40101 SET character_set_client = @saved_cs_client */;

--
-- Dumping data for table `society_moneywash`
--

LOCK TABLES `society_moneywash` WRITE;
/*!40000 ALTER TABLE `society_moneywash` DISABLE KEYS */;
/*!40000 ALTER TABLE `society_moneywash` ENABLE KEYS */;
UNLOCK TABLES;

--
-- Table structure for table `user_licenses`
--

DROP TABLE IF EXISTS `user_licenses`;
/*!40101 SET @saved_cs_client     = @@character_set_client */;
/*!40101 SET character_set_client = utf8mb4 */;
CREATE TABLE `user_licenses` (
  `id` int(11) NOT NULL,
  `type` varchar(60) NOT NULL,
  `owner` varchar(60) NOT NULL
) ENGINE=InnoDB DEFAULT CHARSET=utf8mb4 COLLATE=utf8mb4_general_ci;
/*!40101 SET character_set_client = @saved_cs_client */;

--
-- Dumping data for table `user_licenses`
--

LOCK TABLES `user_licenses` WRITE;
/*!40000 ALTER TABLE `user_licenses` DISABLE KEYS */;
/*!40000 ALTER TABLE `user_licenses` ENABLE KEYS */;
UNLOCK TABLES;

--
-- Table structure for table `users`
--

DROP TABLE IF EXISTS `users`;
/*!40101 SET @saved_cs_client     = @@character_set_client */;
/*!40101 SET character_set_client = utf8mb4 */;
CREATE TABLE `users` (
  `identifier` varchar(46) NOT NULL,
  `accounts` longtext DEFAULT NULL,
  `group` varchar(50) DEFAULT 'user',
  `inventory` longtext DEFAULT NULL,
  `job` varchar(20) DEFAULT 'unemployed',
  `job_grade` int(11) DEFAULT 0,
  `loadout` longtext DEFAULT NULL,
  `position` varchar(255) DEFAULT '{"x":-269.4,"y":-955.3,"z":31.2,"heading":205.8}',
  `firstname` varchar(16) DEFAULT NULL,
  `lastname` varchar(16) DEFAULT NULL,
  `dateofbirth` varchar(10) DEFAULT NULL,
  `sex` varchar(1) DEFAULT NULL,
  `height` int(11) DEFAULT NULL,
  `skin` longtext DEFAULT NULL,
  `status` longtext DEFAULT NULL,
  `is_dead` tinyint(1) DEFAULT 0,
  `id` int(11) NOT NULL AUTO_INCREMENT,
  `disabled` tinyint(1) DEFAULT 0,
  `last_property` varchar(255) DEFAULT NULL,
  `created_at` timestamp NULL DEFAULT current_timestamp(),
  `last_seen` timestamp NULL DEFAULT NULL ON UPDATE current_timestamp(),
  `phone_number` int(11) DEFAULT NULL,
  `pincode` int(11) DEFAULT NULL,
  `metadata` varchar(255) DEFAULT NULL,
  PRIMARY KEY (`identifier`),
  UNIQUE KEY `id` (`id`),
  UNIQUE KEY `index_users_phone_number` (`phone_number`)
) ENGINE=InnoDB AUTO_INCREMENT=34 DEFAULT CHARSET=utf8mb3 COLLATE=utf8mb3_general_ci;
/*!40101 SET character_set_client = @saved_cs_client */;

--
-- Dumping data for table `users`
--

LOCK TABLES `users` WRITE;
/*!40000 ALTER TABLE `users` DISABLE KEYS */;
INSERT INTO `users` VALUES
('char1:02f339d53d5454bd532586579f3d7c77fb50c740','{\"money\":0,\"black_money\":0,\"bank\":50200}','user','[]','unemployed',0,'[]','{\"x\":-758.7560424804688,\"y\":-893.2615356445313,\"z\":19.7091064453125,\"heading\":73.70079040527344}','Emanuel','Sales','02/01/1996','m',120,'{\"blemishes_1\":0,\"beard_2\":10,\"arms\":1,\"nose_1\":-5,\"beard_1\":11,\"complexion_2\":0,\"pants_2\":3,\"mask_2\":0,\"bodyb_4\":0,\"chin_2\":0,\"glasses_2\":0,\"ears_2\":0,\"chest_1\":0,\"moles_2\":0,\"hair_color_1\":61,\"grandparents\":0,\"nose_5\":10,\"decals_1\":0,\"hair_color_2\":29,\"bags_1\":0,\"blush_1\":0,\"watches_1\":-1,\"eyebrows_4\":0,\"hair_1\":76,\"cheeks_2\":-10,\"chin_4\":0,\"chest_2\":0,\"sun_1\":0,\"chin_13\":0,\"lipstick_4\":0,\"decals_2\":0,\"bodyb_3\":-1,\"sun_2\":0,\"nose_3\":5,\"eye_squint\":0,\"face_md_weight\":61,\"dad\":0,\"lip_thickness\":-2,\"helmet_1\":-1,\"cheeks_3\":6,\"beard_3\":0,\"torso_1\":23,\"blush_3\":0,\"age_2\":0,\"chin_3\":0,\"makeup_1\":0,\"bproof_2\":0,\"makeup_4\":0,\"moles_1\":0,\"hair_2\":0,\"nose_6\":0,\"eyebrows_3\":0,\"complexion_1\":0,\"chain_2\":2,\"bodyb_1\":-1,\"nose_4\":8,\"lipstick_2\":0,\"chest_3\":0,\"eyebrows_2\":0,\"f\":{\"makeup_2\":0,\"beard_2\":0,\"arms\":3,\"nose_1\":-10,\"beard_1\":0,\"complexion_2\":0,\"pants_2\":2,\"mask_2\":0,\"bodyb_4\":0,\"lipstick_2\":0,\"glasses_2\":12,\"ears_2\":0,\"chest_1\":0,\"moles_2\":8,\"eyebrows_5\":-5,\"grandparents\":0,\"nose_5\":0,\"decals_1\":0,\"hair_color_2\":35,\"bags_1\":0,\"blush_1\":0,\"watches_1\":-1,\"eyebrows_4\":9,\"hair_1\":43,\"cheeks_2\":0,\"chin_4\":0,\"chest_2\":0,\"sun_1\":0,\"complexion_1\":0,\"lipstick_4\":0,\"decals_2\":0,\"bodyb_3\":-1,\"sun_2\":0,\"glasses_1\":33,\"eye_squint\":-6,\"makeup_1\":0,\"dad\":6,\"lip_thickness\":0,\"helmet_1\":-1,\"cheeks_3\":0,\"blush_3\":0,\"age_2\":0,\"bracelets_1\":-1,\"beard_3\":0,\"nose_4\":0,\"face_g_weight\":0,\"bproof_2\":0,\"eyebrows_3\":52,\"beard_4\":0,\"moles_1\":12,\"torso_1\":25,\"makeup_4\":0,\"hair_color_1\":29,\"chest_3\":0,\"chain_2\":0,\"bodyb_1\":-1,\"eyebrows_2\":7,\"nose_3\":5,\"nose_2\":4,\"blemishes_2\":0,\"jaw_2\":0,\"blush_2\":0,\"bproof_1\":0,\"mom\":28,\"bodyb_2\":0,\"chin_2\":10,\"chin_1\":-10,\"ears_1\":-1,\"tshirt_2\":5,\"mask_1\":0,\"neck_thickness\":-5,\"bags_2\":0,\"age_1\":0,\"helmet_2\":0,\"blemishes_1\":0,\"pants_1\":12,\"face_md_weight\":63,\"eye_color\":8,\"makeup_3\":0,\"tshirt_1\":111,\"lipstick_1\":0,\"eyebrows_1\":32,\"chin_13\":-10,\"watches_2\":0,\"bracelets_2\":0,\"shoes_2\":10,\"skin_md_weight\":60,\"jaw_1\":0,\"chain_1\":85,\"shoes_1\":20,\"nose_6\":0,\"arms_2\":0,\"lipstick_3\":0,\"eyebrows_6\":-8,\"torso_2\":2,\"hair_2\":0,\"cheeks_1\":0},\"cheeks_1\":2,\"bracelets_1\":-1,\"nose_2\":6,\"blemishes_2\":0,\"jaw_2\":0,\"blush_2\":0,\"bproof_1\":0,\"mom\":0,\"bodyb_2\":0,\"helmet_2\":0,\"chin_1\":0,\"ears_1\":-1,\"pants_1\":28,\"mask_1\":0,\"neck_thickness\":0,\"bags_2\":0,\"age_1\":0,\"eyebrows_5\":0,\"eye_color\":0,\"glasses_1\":0,\"bracelets_2\":0,\"m\":{\"makeup_2\":0,\"beard_2\":10,\"arms\":1,\"nose_1\":-5,\"beard_1\":11,\"complexion_2\":0,\"pants_2\":3,\"mask_2\":0,\"bodyb_4\":0,\"lipstick_2\":0,\"glasses_2\":0,\"ears_2\":0,\"chest_1\":0,\"moles_2\":0,\"eyebrows_5\":0,\"grandparents\":0,\"nose_5\":10,\"decals_1\":0,\"hair_color_2\":29,\"bags_1\":0,\"blush_1\":0,\"watches_1\":-1,\"eyebrows_4\":0,\"hair_1\":76,\"cheeks_2\":-10,\"chin_4\":0,\"chest_2\":0,\"sun_1\":0,\"complexion_1\":0,\"lipstick_4\":0,\"decals_2\":0,\"bodyb_3\":-1,\"sun_2\":0,\"glasses_1\":0,\"eye_squint\":0,\"makeup_1\":0,\"dad\":29,\"lip_thickness\":-2,\"helmet_1\":-1,\"cheeks_3\":6,\"blush_3\":0,\"age_2\":0,\"bracelets_1\":-1,\"beard_3\":0,\"nose_4\":8,\"face_g_weight\":0,\"bproof_2\":0,\"eyebrows_3\":0,\"beard_4\":0,\"moles_1\":0,\"torso_1\":23,\"makeup_4\":0,\"hair_color_1\":61,\"chest_3\":0,\"chain_2\":2,\"bodyb_1\":-1,\"eyebrows_2\":0,\"nose_3\":5,\"nose_2\":6,\"blemishes_2\":0,\"jaw_2\":0,\"blush_2\":0,\"bproof_1\":0,\"mom\":43,\"bodyb_2\":0,\"chin_2\":0,\"chin_1\":0,\"ears_1\":-1,\"tshirt_2\":2,\"mask_1\":0,\"neck_thickness\":0,\"bags_2\":0,\"age_1\":0,\"helmet_2\":0,\"blemishes_1\":0,\"pants_1\":28,\"face_md_weight\":61,\"eye_color\":0,\"makeup_3\":0,\"tshirt_1\":4,\"lipstick_1\":0,\"eyebrows_1\":0,\"chin_13\":0,\"watches_2\":0,\"bracelets_2\":0,\"shoes_2\":2,\"skin_md_weight\":27,\"jaw_1\":0,\"chain_1\":22,\"shoes_1\":70,\"nose_6\":0,\"arms_2\":0,\"lipstick_3\":0,\"eyebrows_6\":0,\"torso_2\":2,\"hair_2\":0,\"cheeks_1\":2},\"makeup_3\":0,\"lipstick_3\":0,\"lipstick_1\":0,\"eyebrows_1\":0,\"beard_4\":0,\"watches_2\":0,\"skin_md_weight\":27,\"shoes_2\":2,\"tshirt_1\":4,\"jaw_1\":0,\"chain_1\":22,\"shoes_1\":70,\"arms_2\":0,\"face_g_weight\":0,\"tshirt_2\":2,\"eyebrows_6\":0,\"sex\":0,\"torso_2\":2,\"makeup_2\":0}',NULL,0,32,0,NULL,'2025-04-28 23:05:20','2025-04-28 23:12:24',NULL,NULL,'{\"health\":0,\"lastPlaytime\":559,\"jobDuty\":false,\"armor\":0}'),
('char1:55a65151f1e38486b44c7b74fe421f058b4a2444','{\"bank\":51200,\"money\":0,\"black_money\":0}','user','[]','unemployed',0,'[]','{\"y\":-548.0966796875,\"z\":4.7296142578125,\"heading\":147.40158081054688,\"x\":-2066.26806640625}','Fellix','Gallardo','12/07/1995','m',170,'{\"dad\":0,\"lipstick_3\":0,\"blush_1\":0,\"beard_3\":9,\"eyebrows_6\":0,\"nose_4\":0,\"nose_2\":0,\"makeup_4\":0,\"chest_1\":0,\"bproof_1\":0,\"ears_2\":0,\"beard_4\":3,\"blush_3\":0,\"chin_4\":0,\"shoes_1\":36,\"chin_3\":0,\"decals_2\":0,\"lipstick_4\":0,\"bracelets_1\":-1,\"ears_1\":-1,\"arms_2\":0,\"helmet_2\":0,\"eye_color\":0,\"chain_1\":0,\"chin_2\":0,\"torso_1\":103,\"beard_2\":10,\"makeup_1\":0,\"shoes_2\":3,\"cheeks_1\":0,\"watches_2\":0,\"nose_5\":0,\"cheeks_2\":0,\"hair_2\":0,\"sun_1\":0,\"bproof_2\":0,\"nose_1\":0,\"torso_2\":0,\"mom\":0,\"eyebrows_2\":0,\"hair_color_1\":10,\"grandparents\":0,\"mask_1\":0,\"skin_md_weight\":50,\"moles_1\":0,\"tshirt_2\":0,\"hair_1\":4,\"glasses_2\":0,\"mask_2\":0,\"bracelets_2\":0,\"nose_3\":0,\"bodyb_3\":-1,\"bodyb_4\":0,\"chain_2\":0,\"sun_2\":0,\"bodyb_1\":-1,\"face_g_weight\":0,\"bodyb_2\":0,\"complexion_1\":0,\"helmet_1\":-1,\"lip_thickness\":0,\"bags_1\":0,\"age_1\":0,\"bags_2\":0,\"decals_1\":0,\"chest_3\":0,\"lipstick_2\":0,\"eyebrows_1\":0,\"lipstick_1\":0,\"chest_2\":0,\"watches_1\":-1,\"pants_2\":0,\"jaw_1\":0,\"cheeks_3\":0,\"complexion_2\":0,\"jaw_2\":0,\"blush_2\":0,\"eye_squint\":0,\"makeup_2\":0,\"face_md_weight\":50,\"nose_6\":0,\"eyebrows_4\":0,\"moles_2\":0,\"beard_1\":18,\"blemishes_2\":0,\"pants_1\":28,\"age_2\":0,\"m\":{\"dad\":29,\"lipstick_3\":0,\"blush_1\":0,\"mask_2\":0,\"eyebrows_6\":0,\"nose_4\":8,\"nose_2\":6,\"makeup_4\":0,\"chest_1\":0,\"bproof_1\":0,\"ears_2\":0,\"beard_4\":0,\"hair_color_1\":61,\"chin_4\":0,\"shoes_1\":70,\"bodyb_1\":-1,\"decals_2\":0,\"lipstick_4\":0,\"bracelets_1\":-1,\"ears_1\":-1,\"arms_2\":0,\"helmet_2\":0,\"eye_color\":0,\"chain_1\":22,\"chin_2\":0,\"torso_1\":23,\"beard_2\":10,\"makeup_1\":0,\"shoes_2\":2,\"cheeks_1\":2,\"watches_2\":0,\"nose_5\":10,\"cheeks_2\":-10,\"hair_2\":0,\"sun_1\":0,\"bproof_2\":0,\"nose_1\":-5,\"torso_2\":2,\"grandparents\":0,\"skin_md_weight\":27,\"mom\":43,\"eyebrows_2\":0,\"hair_1\":76,\"lipstick_1\":0,\"moles_1\":0,\"bracelets_2\":0,\"bags_1\":0,\"glasses_2\":0,\"bodyb_4\":0,\"chain_2\":2,\"sun_2\":0,\"mask_1\":0,\"pants_2\":3,\"makeup_3\":0,\"tshirt_2\":2,\"helmet_1\":-1,\"complexion_1\":0,\"eye_squint\":0,\"age_1\":0,\"bodyb_3\":-1,\"makeup_2\":0,\"decals_1\":0,\"lip_thickness\":-2,\"eyebrows_1\":0,\"bodyb_2\":0,\"lipstick_2\":0,\"watches_1\":-1,\"chest_2\":0,\"jaw_1\":0,\"cheeks_3\":6,\"complexion_2\":0,\"jaw_2\":0,\"nose_3\":5,\"beard_3\":0,\"blush_2\":0,\"face_md_weight\":61,\"nose_6\":0,\"eyebrows_4\":0,\"beard_1\":11,\"age_2\":0,\"arms\":1,\"hair_color_2\":29,\"face_g_weight\":0,\"pants_1\":28,\"blemishes_2\":0,\"blemishes_1\":0,\"chin_13\":0,\"tshirt_1\":4,\"glasses_1\":0,\"eyebrows_3\":0,\"blush_3\":0,\"chest_3\":0,\"bags_2\":0,\"moles_2\":0,\"eyebrows_5\":0,\"neck_thickness\":0,\"chin_1\":0},\"arms\":0,\"blemishes_1\":0,\"eyebrows_3\":0,\"tshirt_1\":21,\"glasses_1\":17,\"hair_color_2\":0,\"makeup_3\":0,\"sex\":0,\"chin_13\":0,\"f\":{\"dad\":6,\"lipstick_3\":0,\"blush_1\":0,\"mask_2\":0,\"eyebrows_6\":-8,\"nose_4\":0,\"nose_2\":4,\"makeup_4\":0,\"chest_1\":0,\"bproof_1\":0,\"ears_2\":0,\"beard_4\":0,\"hair_color_1\":29,\"chin_4\":0,\"shoes_1\":20,\"bodyb_1\":-1,\"decals_2\":0,\"lipstick_4\":0,\"bracelets_1\":-1,\"ears_1\":-1,\"arms_2\":0,\"helmet_2\":0,\"eye_color\":8,\"chain_1\":85,\"chin_2\":10,\"torso_1\":25,\"beard_2\":0,\"makeup_1\":0,\"shoes_2\":10,\"cheeks_1\":0,\"watches_2\":0,\"nose_5\":0,\"cheeks_2\":0,\"hair_2\":0,\"sun_1\":0,\"bproof_2\":0,\"nose_1\":-10,\"torso_2\":2,\"grandparents\":0,\"skin_md_weight\":60,\"mom\":28,\"eyebrows_2\":7,\"hair_1\":43,\"lipstick_1\":0,\"moles_1\":12,\"bracelets_2\":0,\"bags_1\":0,\"glasses_2\":12,\"bodyb_4\":0,\"chain_2\":0,\"sun_2\":0,\"mask_1\":0,\"pants_2\":2,\"makeup_3\":0,\"tshirt_2\":5,\"helmet_1\":-1,\"complexion_1\":0,\"eye_squint\":-6,\"age_1\":0,\"bodyb_3\":-1,\"makeup_2\":0,\"decals_1\":0,\"lip_thickness\":0,\"eyebrows_1\":32,\"bodyb_2\":0,\"lipstick_2\":0,\"watches_1\":-1,\"chest_2\":0,\"jaw_1\":0,\"cheeks_3\":0,\"complexion_2\":0,\"jaw_2\":0,\"nose_3\":5,\"beard_3\":0,\"blush_2\":0,\"face_md_weight\":63,\"nose_6\":0,\"eyebrows_4\":9,\"beard_1\":0,\"age_2\":0,\"arms\":3,\"hair_color_2\":35,\"face_g_weight\":0,\"pants_1\":12,\"blemishes_2\":0,\"blemishes_1\":0,\"chin_13\":-10,\"tshirt_1\":111,\"glasses_1\":33,\"eyebrows_3\":52,\"blush_3\":0,\"chest_3\":0,\"bags_2\":0,\"moles_2\":8,\"eyebrows_5\":-5,\"neck_thickness\":-5,\"chin_1\":-10},\"eyebrows_5\":0,\"neck_thickness\":0,\"chin_1\":0}',NULL,0,33,0,NULL,'2025-06-16 21:36:30','2025-06-16 22:26:54',NULL,NULL,'{\"health\":0,\"lastPlaytime\":2968,\"jobDuty\":false,\"armor\":0}'),
('char1:cd064177c962c333af574fb1958004255948991a','{\"bank\":58000,\"money\":9900,\"black_money\":0}','admin','[{\"count\":1,\"metadata\":{\"durability\":99.70000000000002,\"components\":[]},\"name\":\"WEAPON_KNIFE\",\"slot\":1},{\"count\":1,\"metadata\":{\"serial\":\"230490ACI130119\",\"durability\":89.10000000000001,\"components\":[],\"ammo\":18,\"registered\":\"Omar Telo\"},\"name\":\"WEAPON_APPISTOL\",\"slot\":2},{\"count\":1,\"name\":\"key2\",\"slot\":3},{\"count\":1,\"name\":\"drill\",\"slot\":4},{\"count\":1,\"name\":\"key1\",\"slot\":5},{\"count\":773,\"name\":\"ammo-9\",\"slot\":6},{\"count\":1,\"metadata\":{\"serial\":\"986638VTO819734\",\"durability\":100,\"components\":[],\"ammo\":0,\"registered\":\"Omar Telo\"},\"name\":\"WEAPON_APPISTOL\",\"slot\":7},{\"count\":1,\"name\":\"wetsuit\",\"slot\":8},{\"count\":9900,\"name\":\"money\",\"slot\":9},{\"count\":1,\"name\":\"blindfold\",\"slot\":10},{\"count\":1,\"name\":\"gasmask\",\"slot\":11},{\"count\":1,\"name\":\"rope\",\"slot\":12},{\"count\":1,\"name\":\"cuff\",\"slot\":13},{\"count\":1,\"name\":\"heist_drone_2\",\"slot\":14}]','unemployed',0,'[]','{\"y\":-807.5340576171875,\"x\":423.73187255859377,\"heading\":144.56690979003907,\"z\":29.4820556640625}','Omar','Telo','01/03/2007','m',0,'{\"headBlend\":{\"skinMix\":0,\"skinSecond\":0,\"shapeFirst\":0,\"shapeMix\":0,\"skinFirst\":0,\"skinThird\":0,\"shapeThird\":0,\"shapeSecond\":0,\"thirdMix\":0},\"hair\":{\"style\":0,\"color\":-1,\"highlight\":-1,\"texture\":0},\"eyeColor\":-1,\"headOverlays\":{\"sunDamage\":{\"style\":0,\"color\":0,\"secondColor\":0,\"opacity\":0},\"eyebrows\":{\"style\":0,\"color\":0,\"secondColor\":0,\"opacity\":0},\"complexion\":{\"style\":0,\"color\":0,\"secondColor\":0,\"opacity\":0},\"chestHair\":{\"style\":0,\"color\":0,\"secondColor\":0,\"opacity\":0},\"makeUp\":{\"style\":0,\"color\":0,\"secondColor\":0,\"opacity\":0},\"blemishes\":{\"style\":0,\"color\":0,\"secondColor\":0,\"opacity\":0},\"beard\":{\"style\":0,\"color\":0,\"secondColor\":0,\"opacity\":0},\"blush\":{\"style\":0,\"color\":0,\"secondColor\":0,\"opacity\":0},\"bodyBlemishes\":{\"style\":0,\"color\":0,\"secondColor\":0,\"opacity\":0},\"moleAndFreckles\":{\"style\":0,\"color\":0,\"secondColor\":0,\"opacity\":0},\"lipstick\":{\"style\":0,\"color\":0,\"secondColor\":0,\"opacity\":0},\"ageing\":{\"style\":0,\"color\":0,\"secondColor\":0,\"opacity\":0}},\"faceFeatures\":{\"noseBoneTwist\":0,\"noseBoneHigh\":0,\"noseWidth\":0,\"nosePeakLowering\":0,\"nosePeakHigh\":0,\"cheeksWidth\":0,\"chinBoneLowering\":0,\"jawBoneBackSize\":0,\"neckThickness\":0,\"chinHole\":0,\"lipsThickness\":0,\"eyesOpening\":0,\"eyeBrownForward\":0,\"cheeksBoneWidth\":0,\"nosePeakSize\":0,\"cheeksBoneHigh\":0,\"chinBoneLenght\":0,\"eyeBrownHigh\":0,\"chinBoneSize\":0,\"jawBoneWidth\":0},\"model\":\"mp_m_freemode_01\",\"tattoos\":[],\"props\":[{\"prop_id\":0,\"drawable\":-1,\"texture\":-1},{\"prop_id\":1,\"drawable\":-1,\"texture\":-1},{\"prop_id\":2,\"drawable\":-1,\"texture\":-1},{\"prop_id\":6,\"drawable\":-1,\"texture\":-1},{\"prop_id\":7,\"drawable\":-1,\"texture\":-1}],\"components\":[{\"component_id\":0,\"drawable\":0,\"texture\":0},{\"component_id\":1,\"drawable\":0,\"texture\":0},{\"component_id\":2,\"drawable\":0,\"texture\":0},{\"component_id\":3,\"drawable\":0,\"texture\":0},{\"component_id\":4,\"drawable\":0,\"texture\":0},{\"component_id\":5,\"drawable\":0,\"texture\":0},{\"component_id\":6,\"drawable\":0,\"texture\":0},{\"component_id\":7,\"drawable\":0,\"texture\":0},{\"component_id\":8,\"drawable\":0,\"texture\":0},{\"component_id\":9,\"drawable\":0,\"texture\":0},{\"component_id\":10,\"drawable\":0,\"texture\":0},{\"component_id\":11,\"drawable\":568,\"texture\":0}]}',NULL,0,3,0,NULL,'2025-03-01 15:15:58','2025-06-17 18:34:47',NULL,NULL,'{\"lastPlaytime\":21902,\"jobDuty\":false,\"armor\":0,\"health\":198}'),
('char1:db0a170242ac74228c6fd86386c7fcebf5e7b7c9','{\"money\":0,\"bank\":52600,\"black_money\":0}','admin','[]','unemployed',0,'[]','{\"heading\":48.18897247314453,\"z\":32.228515625,\"y\":-1497.032958984375,\"x\":-185.47251892089845}','Weaea','Reaea','08/01/2025','m',0,'{\"components\":[{\"drawable\":0,\"texture\":0,\"component_id\":0},{\"drawable\":0,\"texture\":0,\"component_id\":1},{\"drawable\":0,\"texture\":0,\"component_id\":2},{\"drawable\":0,\"texture\":0,\"component_id\":3},{\"drawable\":0,\"texture\":0,\"component_id\":4},{\"drawable\":0,\"texture\":0,\"component_id\":5},{\"drawable\":0,\"texture\":0,\"component_id\":6},{\"drawable\":0,\"texture\":0,\"component_id\":7},{\"drawable\":0,\"texture\":0,\"component_id\":8},{\"drawable\":0,\"texture\":0,\"component_id\":9},{\"drawable\":0,\"texture\":0,\"component_id\":10},{\"drawable\":0,\"texture\":0,\"component_id\":11}],\"props\":[{\"drawable\":-1,\"prop_id\":0,\"texture\":-1},{\"drawable\":-1,\"prop_id\":1,\"texture\":-1},{\"drawable\":-1,\"prop_id\":2,\"texture\":-1},{\"drawable\":-1,\"prop_id\":6,\"texture\":-1},{\"drawable\":-1,\"prop_id\":7,\"texture\":-1}],\"eyeColor\":0,\"headOverlays\":{\"complexion\":{\"opacity\":0,\"color\":0,\"style\":0,\"secondColor\":0},\"lipstick\":{\"opacity\":0,\"color\":0,\"style\":0,\"secondColor\":0},\"makeUp\":{\"opacity\":0,\"color\":0,\"style\":0,\"secondColor\":0},\"blush\":{\"opacity\":0,\"color\":0,\"style\":0,\"secondColor\":0},\"chestHair\":{\"opacity\":0,\"color\":0,\"style\":0,\"secondColor\":0},\"sunDamage\":{\"opacity\":0,\"color\":0,\"style\":0,\"secondColor\":0},\"blemishes\":{\"opacity\":0,\"color\":0,\"style\":0,\"secondColor\":0},\"eyebrows\":{\"opacity\":0,\"color\":0,\"style\":0,\"secondColor\":0},\"beard\":{\"opacity\":0,\"color\":0,\"style\":0,\"secondColor\":0},\"moleAndFreckles\":{\"opacity\":0,\"color\":0,\"style\":0,\"secondColor\":0},\"ageing\":{\"opacity\":0,\"color\":0,\"style\":0,\"secondColor\":0},\"bodyBlemishes\":{\"opacity\":0,\"color\":0,\"style\":0,\"secondColor\":0}},\"tattoos\":[],\"faceFeatures\":{\"cheeksBoneWidth\":0,\"jawBoneWidth\":0,\"noseBoneHigh\":0,\"eyeBrownHigh\":0,\"chinBoneLenght\":0,\"nosePeakHigh\":0,\"chinHole\":0,\"noseWidth\":0,\"lipsThickness\":0,\"neckThickness\":0,\"cheeksBoneHigh\":0,\"eyeBrownForward\":0,\"chinBoneSize\":0,\"noseBoneTwist\":0,\"cheeksWidth\":0,\"chinBoneLowering\":0,\"nosePeakLowering\":0,\"eyesOpening\":0,\"nosePeakSize\":0,\"jawBoneBackSize\":0},\"model\":\"mp_m_freemode_01\",\"headBlend\":{\"shapeFirst\":0,\"shapeSecond\":0,\"shapeThird\":0,\"skinMix\":0,\"shapeMix\":0,\"skinThird\":0,\"skinFirst\":0,\"skinSecond\":0,\"thirdMix\":0},\"hair\":{\"highlight\":0,\"color\":0,\"texture\":0,\"style\":0}}','[{\"val\":0,\"name\":\"drunk\",\"percent\":0.0},{\"val\":958100,\"name\":\"hunger\",\"percent\":95.81},{\"val\":999700,\"name\":\"thirst\",\"percent\":99.97}]',0,31,0,NULL,'2025-01-19 19:18:20','2025-02-21 02:56:32',NULL,NULL,'{\"armor\":0,\"lastPlaytime\":5779,\"jobDuty\":false,\"health\":191}'),
('char2:cd064177c962c333af574fb1958004255948991a','{\"bank\":50200,\"black_money\":0,\"money\":0}','admin','[]','unemployed',0,'[]','{\"z\":30.6783447265625,\"y\":-943.2000122070313,\"x\":200.25494384765626,\"heading\":0.0}','Indi','Gente','05/01/1900','m',0,'{\"chain_1\":0,\"jaw_1\":0,\"t_torso_15\":0,\"decals_2\":0,\"glasses_2\":0,\"face_md_weight\":50,\"helmet_2\":0,\"t_head_10\":1,\"t_lleg_19\":0,\"t_lleg_7\":0,\"t_hair_8\":1,\"ears_2\":0,\"t_larm_7\":0,\"nose_4\":0,\"bags_1\":0,\"t_rleg_17\":0,\"bracelets_1\":-1,\"t_rarm_5\":0,\"eyebrows_6\":0,\"watches_1\":-1,\"t_torso_7\":0,\"t_hair_13\":0,\"hair_2\":0,\"shoes_2\":0,\"age_1\":0,\"t_torso_11\":0,\"t_torso_19\":0,\"t_head_12\":1,\"t_larm_6\":1,\"t_rarm_4\":1,\"chain_2\":0,\"t_larm_3\":0,\"sex\":0,\"t_torso_20\":1,\"moles_2\":0,\"face_g_weight\":0,\"t_lleg_16\":1,\"t_torso_13\":0,\"t_larm_4\":1,\"chest_1\":0,\"shoes_1\":0,\"eye_squint\":0,\"skin_md_weight\":50,\"t_head_7\":0,\"t_head_5\":0,\"t_larm_9\":0,\"nose_6\":0,\"t_larm_18\":1,\"t_rarm_9\":0,\"t_lleg_6\":1,\"eyebrows_2\":0,\"t_rarm_2\":1,\"t_rleg_9\":0,\"t_larm_10\":1,\"pants_1\":0,\"t_rleg_18\":1,\"makeup_1\":0,\"decals_1\":0,\"complexion_1\":0,\"t_torso_9\":0,\"t_hair_2\":1,\"blush_1\":0,\"chin_2\":0,\"t_larm_14\":1,\"bodyb_1\":-1,\"t_torso_8\":1,\"chin_1\":0,\"t_lleg_10\":1,\"pants_2\":0,\"arms\":0,\"grandparents_2\":0,\"t_hair_1\":0,\"hair_color_1\":0,\"t_hair_20\":1,\"t_head_6\":1,\"complexion_2\":0,\"t_head_1\":0,\"t_lleg_13\":0,\"t_rarm_15\":0,\"tshirt_2\":0,\"t_hair_19\":0,\"t_rleg_2\":1,\"mask_1\":0,\"t_rleg_8\":1,\"beard_4\":0,\"t_hair_15\":0,\"t_rarm_16\":1,\"eyebrows_1\":0,\"blemishes_2\":0,\"sun_1\":0,\"t_lleg_17\":0,\"t_torso_2\":1,\"t_larm_1\":0,\"t_rleg_12\":1,\"t_lleg_12\":1,\"t_rleg_19\":0,\"t_larm_17\":0,\"t_hair_17\":0,\"t_torso_1\":0,\"mom\":0,\"t_rarm_11\":0,\"cheeks_1\":0,\"t_head_20\":1,\"t_rarm_6\":1,\"t_lleg_18\":1,\"t_larm_19\":0,\"t_head_11\":0,\"t_rarm_3\":0,\"t_head_13\":0,\"t_larm_11\":0,\"watches_2\":0,\"arms_2\":0,\"t_hair_12\":1,\"t_hair_9\":0,\"cheeks_3\":0,\"t_head_8\":1,\"t_head_3\":0,\"t_rleg_4\":1,\"t_hair_7\":0,\"t_lleg_2\":1,\"t_rleg_16\":1,\"blemishes_1\":0,\"t_larm_16\":1,\"t_torso_18\":1,\"eye_color\":0,\"t_lleg_8\":1,\"moles_1\":0,\"eyebrows_4\":0,\"t_lleg_9\":0,\"sun_2\":0,\"t_torso_3\":0,\"t_hair_18\":1,\"mom_2\":0,\"grandparents\":0,\"beard_3\":0,\"t_torso_12\":1,\"beard_1\":0,\"t_hair_10\":1,\"t_rarm_17\":0,\"age_2\":0,\"t_rarm_13\":0,\"neck_thickness\":0,\"nose_3\":0,\"mask_2\":0,\"chest_3\":0,\"t_lleg_11\":0,\"t_rleg_5\":0,\"t_torso_16\":1,\"t_hair_11\":0,\"beard_2\":0,\"t_head_14\":1,\"bodyb_4\":0,\"t_hair_5\":0,\"t_larm_2\":1,\"blush_2\":0,\"t_torso_10\":1,\"bproof_2\":0,\"t_larm_12\":1,\"t_rleg_11\":0,\"nose_5\":0,\"t_head_17\":0,\"t_head_4\":1,\"t_larm_13\":0,\"ped\":1,\"t_rarm_1\":0,\"ears_1\":-1,\"lipstick_3\":0,\"jaw_2\":0,\"torso_2\":0,\"lipstick_4\":0,\"t_torso_4\":1,\"chin_3\":0,\"eyebrows_5\":0,\"bproof_1\":0,\"t_lleg_15\":0,\"blush_3\":0,\"t_head_2\":1,\"t_lleg_1\":0,\"t_rleg_15\":0,\"t_rarm_8\":1,\"t_larm_5\":0,\"t_rleg_20\":1,\"t_rleg_3\":0,\"t_torso_17\":0,\"t_hair_4\":1,\"helmet_1\":-1,\"t_rarm_12\":1,\"t_lleg_14\":1,\"t_rleg_10\":1,\"t_rleg_13\":0,\"t_head_19\":0,\"makeup_3\":0,\"t_hair_6\":1,\"lipstick_1\":0,\"bodyb_2\":0,\"bracelets_2\":0,\"makeup_2\":0,\"t_torso_6\":1,\"eyebrows_3\":0,\"bags_2\":0,\"t_torso_14\":1,\"lipstick_2\":0,\"t_torso_5\":0,\"cheeks_2\":0,\"t_lleg_20\":1,\"t_lleg_5\":0,\"hair_1\":0,\"t_larm_8\":1,\"t_head_16\":1,\"dad\":0,\"t_head_9\":0,\"t_rarm_18\":1,\"tshirt_1\":0,\"t_rarm_19\":0,\"nose_1\":0,\"bodyb_3\":-1,\"chest_2\":0,\"t_hair_3\":0,\"t_rarm_20\":1,\"nose_2\":0,\"t_lleg_3\":0,\"t_hair_16\":1,\"torso_1\":0,\"makeup_4\":0,\"t_rleg_1\":0,\"t_rarm_7\":0,\"glasses_1\":0,\"t_rleg_14\":1,\"lip_thickness\":0,\"t_lleg_4\":1,\"t_head_18\":1,\"hair_color_2\":0,\"chin_4\":0,\"t_rarm_14\":1,\"dad_2\":0,\"t_hair_14\":1,\"t_larm_15\":0,\"t_head_15\":0,\"t_larm_20\":1,\"t_rleg_6\":1,\"t_rarm_10\":1,\"t_rleg_7\":0}',NULL,0,4,0,NULL,'2025-03-01 15:17:09','2025-03-03 15:03:09',NULL,NULL,'{\"health\":200,\"jobDuty\":false,\"lastPlaytime\":468,\"armor\":0}'),
('char3:cd064177c962c333af574fb1958004255948991a','{\"bank\":50600,\"black_money\":0,\"money\":0}','admin','[]','unemployed',0,'[]','{\"x\":199.43736267089845,\"heading\":116.22047424316406,\"z\":30.6783447265625,\"y\":-940.2197875976563}','Dr Hans','Chucrutes','02/03/2007','m',0,NULL,NULL,0,5,0,NULL,'2025-03-03 00:57:34','2025-03-03 01:19:48',NULL,NULL,'{\"armor\":0,\"lastPlaytime\":1442,\"jobDuty\":false,\"health\":200}'),
('char5:cd064177c962c333af574fb1958004255948991a','{\"black_money\":0,\"money\":0,\"bank\":51200}','admin','[{\"name\":\"water\",\"count\":1,\"slot\":1},{\"name\":\"burger\",\"count\":1,\"slot\":2}]','unemployed',0,'[]','{\"z\":19.99560546875,\"y\":-929.1560668945313,\"x\":-702.3428344726563,\"heading\":144.56690979003907}','Telam','Bucano','03/03/2007','m',0,'{\"pants_2\":221,\"t_hair_4\":1,\"t_lleg_16\":1,\"grandparents\":0,\"t_larm_1\":0,\"decals_2\":0,\"t_larm_4\":1,\"tshirt_2\":50,\"age_1\":0,\"moles_2\":0,\"eyebrows_5\":0,\"t_rarm_4\":1,\"blush_1\":0,\"bracelets_2\":0,\"chest_1\":0,\"t_rarm_13\":0,\"t_rleg_19\":0,\"lip_thickness\":0,\"nose_4\":0,\"ears_1\":-1,\"mom_2\":0,\"t_torso_13\":0,\"t_torso_11\":584,\"eye_color\":0,\"t_torso_8\":1,\"chin_3\":0,\"t_hair_18\":1,\"t_rarm_16\":1,\"t_hair_19\":0,\"chin_2\":0,\"t_hair_10\":1,\"t_torso_6\":1,\"t_larm_5\":0,\"beard_2\":0,\"t_lleg_2\":1,\"t_torso_3\":0,\"t_rleg_12\":1,\"cheeks_3\":0,\"t_rarm_15\":0,\"face_g_weight\":0,\"t_torso_4\":1,\"t_head_8\":1,\"bags_1\":0,\"t_hair_3\":0,\"helmet_1\":250,\"t_torso_19\":0,\"chain_1\":0,\"eyebrows_1\":0,\"t_head_20\":1,\"t_larm_16\":1,\"t_rleg_7\":0,\"lipstick_1\":0,\"t_larm_11\":0,\"t_torso_20\":1,\"t_hair_8\":1,\"t_rleg_5\":0,\"eye_squint\":0,\"t_torso_14\":1,\"t_head_11\":0,\"makeup_2\":0,\"shoes_2\":0,\"watches_1\":-1,\"t_lleg_15\":0,\"bodyb_2\":0,\"t_larm_17\":0,\"lipstick_3\":0,\"t_rleg_18\":1,\"sun_1\":0,\"t_lleg_1\":0,\"t_lleg_10\":1,\"t_hair_15\":0,\"bproof_2\":0,\"decals_1\":0,\"t_head_9\":0,\"t_rarm_12\":1,\"t_lleg_3\":0,\"t_head_19\":0,\"watches_2\":0,\"mask_1\":0,\"t_torso_10\":1,\"age_2\":0,\"t_head_4\":1,\"t_rarm_6\":1,\"t_rleg_9\":0,\"face_md_weight\":50,\"t_larm_20\":1,\"t_torso_5\":0,\"t_larm_3\":0,\"arms\":0,\"beard_3\":0,\"tshirt_1\":58,\"sex\":0,\"arms_2\":0,\"skin_md_weight\":50,\"t_larm_9\":0,\"t_hair_13\":0,\"torso_1\":584,\"t_head_6\":1,\"t_rleg_11\":0,\"t_lleg_4\":1,\"t_head_15\":0,\"t_lleg_17\":0,\"t_head_18\":1,\"t_head_16\":1,\"nose_5\":0,\"t_rarm_10\":1,\"t_lleg_8\":1,\"t_rarm_9\":0,\"t_torso_2\":1,\"eyebrows_4\":0,\"t_torso_7\":0,\"t_lleg_18\":1,\"t_head_14\":1,\"ears_2\":0,\"dad_2\":0,\"t_rleg_4\":1,\"blemishes_2\":0,\"t_head_7\":0,\"t_lleg_19\":0,\"pants_1\":221,\"t_rleg_2\":1,\"bags_2\":0,\"t_head_12\":1,\"t_larm_2\":1,\"t_hair_16\":1,\"t_hair_7\":0,\"shoes_1\":25,\"t_head_3\":0,\"t_lleg_12\":1,\"t_rleg_14\":1,\"t_head_10\":1,\"glasses_2\":0,\"t_hair_9\":0,\"t_torso_16\":1,\"t_hair_17\":0,\"bracelets_1\":-1,\"chin_1\":0,\"t_hair_6\":1,\"dad\":0,\"t_rleg_16\":1,\"nose_3\":0,\"bodyb_3\":-1,\"t_hair_20\":1,\"mom\":0,\"t_rarm_2\":1,\"t_torso_17\":0,\"neck_thickness\":0,\"nose_1\":0,\"jaw_2\":0,\"complexion_1\":0,\"t_larm_13\":0,\"bodyb_4\":0,\"t_lleg_6\":1,\"t_hair_5\":0,\"t_larm_12\":1,\"t_rleg_10\":1,\"blush_3\":0,\"t_torso_12\":1,\"t_rarm_3\":0,\"t_lleg_9\":0,\"t_larm_15\":0,\"t_head_17\":0,\"t_torso_1\":0,\"t_lleg_5\":0,\"t_rarm_8\":1,\"t_torso_9\":0,\"t_larm_10\":1,\"lipstick_2\":0,\"moles_1\":0,\"t_rleg_3\":0,\"t_larm_7\":0,\"t_hair_2\":1,\"t_hair_11\":0,\"beard_1\":0,\"beard_4\":0,\"glasses_1\":0,\"chin_4\":0,\"t_larm_8\":1,\"t_rarm_20\":1,\"makeup_4\":0,\"eyebrows_6\":0,\"t_lleg_14\":1,\"t_head_2\":1,\"hair_1\":1,\"jaw_1\":0,\"t_rleg_20\":1,\"t_lleg_20\":1,\"t_rarm_11\":0,\"t_head_13\":0,\"t_lleg_11\":0,\"bodyb_1\":-1,\"chest_2\":0,\"mask_2\":0,\"t_rleg_15\":0,\"t_torso_15\":0,\"hair_color_1\":0,\"bproof_1\":71,\"lipstick_4\":0,\"makeup_1\":0,\"blush_2\":0,\"t_rarm_5\":0,\"blemishes_1\":0,\"t_larm_14\":1,\"t_rarm_19\":0,\"chain_2\":0,\"t_larm_18\":1,\"chest_3\":0,\"t_torso_18\":1,\"t_rarm_1\":0,\"t_lleg_13\":0,\"t_rarm_17\":0,\"t_head_1\":0,\"eyebrows_3\":0,\"t_rleg_8\":1,\"cheeks_2\":0,\"t_rleg_13\":0,\"t_lleg_7\":0,\"complexion_2\":0,\"t_rarm_14\":1,\"t_rleg_6\":1,\"eyebrows_2\":0,\"t_hair_14\":1,\"t_rleg_17\":0,\"sun_2\":0,\"nose_6\":0,\"t_rarm_18\":1,\"t_hair_1\":0,\"t_rarm_7\":0,\"grandparents_2\":0,\"cheeks_1\":0,\"t_larm_6\":1,\"ped\":1,\"torso_2\":0,\"makeup_3\":0,\"hair_color_2\":0,\"t_hair_12\":1,\"t_head_5\":0,\"nose_2\":0,\"hair_2\":0,\"t_rleg_1\":0,\"t_larm_19\":0,\"helmet_2\":0}',NULL,0,7,0,NULL,'2025-03-03 14:01:03','2025-03-03 14:46:20',NULL,NULL,'{\"lastPlaytime\":3424,\"health\":200,\"jobDuty\":false,\"armor\":0}');
/*!40000 ALTER TABLE `users` ENABLE KEYS */;
UNLOCK TABLES;

--
-- Table structure for table `vehicle_categories`
--

DROP TABLE IF EXISTS `vehicle_categories`;
/*!40101 SET @saved_cs_client     = @@character_set_client */;
/*!40101 SET character_set_client = utf8mb4 */;
CREATE TABLE `vehicle_categories` (
  `name` varchar(60) NOT NULL,
  `label` varchar(60) NOT NULL
) ENGINE=InnoDB DEFAULT CHARSET=utf8mb4 COLLATE=utf8mb4_general_ci;
/*!40101 SET character_set_client = @saved_cs_client */;

--
-- Dumping data for table `vehicle_categories`
--

LOCK TABLES `vehicle_categories` WRITE;
/*!40000 ALTER TABLE `vehicle_categories` DISABLE KEYS */;
INSERT INTO `vehicle_categories` VALUES
('compacts','Compacts'),
('coupes','CoupÃ©s'),
('motorcycles','Motos'),
('muscle','Muscle'),
('offroad','Off Road'),
('sedans','Sedans'),
('sports','Sports'),
('sportsclassics','Sports Classics'),
('super','Super'),
('suvs','SUVs'),
('vans','Vans');
/*!40000 ALTER TABLE `vehicle_categories` ENABLE KEYS */;
UNLOCK TABLES;

--
-- Table structure for table `vehicle_sold`
--

DROP TABLE IF EXISTS `vehicle_sold`;
/*!40101 SET @saved_cs_client     = @@character_set_client */;
/*!40101 SET character_set_client = utf8mb4 */;
CREATE TABLE `vehicle_sold` (
  `id` int(11) NOT NULL AUTO_INCREMENT,
  `client` varchar(50) NOT NULL,
  `model` varchar(50) NOT NULL,
  `plate` varchar(50) NOT NULL,
  `soldby` varchar(50) NOT NULL,
  `date` varchar(50) NOT NULL,
  PRIMARY KEY (`id`)
) ENGINE=InnoDB DEFAULT CHARSET=utf8mb4 COLLATE=utf8mb4_general_ci;
/*!40101 SET character_set_client = @saved_cs_client */;

--
-- Dumping data for table `vehicle_sold`
--

LOCK TABLES `vehicle_sold` WRITE;
/*!40000 ALTER TABLE `vehicle_sold` DISABLE KEYS */;
/*!40000 ALTER TABLE `vehicle_sold` ENABLE KEYS */;
UNLOCK TABLES;

--
-- Table structure for table `vehicles`
--

DROP TABLE IF EXISTS `vehicles`;
/*!40101 SET @saved_cs_client     = @@character_set_client */;
/*!40101 SET character_set_client = utf8mb4 */;
CREATE TABLE `vehicles` (
  `name` varchar(60) NOT NULL,
  `model` varchar(60) NOT NULL,
  `price` int(11) NOT NULL,
  `category` varchar(60) DEFAULT NULL
) ENGINE=InnoDB DEFAULT CHARSET=utf8mb4 COLLATE=utf8mb4_general_ci;
/*!40101 SET character_set_client = @saved_cs_client */;

--
-- Dumping data for table `vehicles`
--

LOCK TABLES `vehicles` WRITE;
/*!40000 ALTER TABLE `vehicles` DISABLE KEYS */;
INSERT INTO `vehicles` VALUES
('Adder','adder',900000,'super'),
('Akuma','AKUMA',7500,'motorcycles'),
('Alpha','alpha',60000,'sports'),
('Ardent','ardent',1150000,'sportsclassics'),
('Asea','asea',5500,'sedans'),
('Autarch','autarch',1955000,'super'),
('Avarus','avarus',18000,'motorcycles'),
('Bagger','bagger',13500,'motorcycles'),
('Baller','baller2',40000,'suvs'),
('Baller Sport','baller3',60000,'suvs'),
('Banshee','banshee',70000,'sports'),
('Banshee 900R','banshee2',255000,'super'),
('Bati 801','bati',12000,'motorcycles'),
('Bati 801RR','bati2',19000,'motorcycles'),
('Bestia GTS','bestiagts',55000,'sports'),
('BF400','bf400',6500,'motorcycles'),
('Bf Injection','bfinjection',16000,'offroad'),
('Bifta','bifta',12000,'offroad'),
('Bison','bison',45000,'vans'),
('Blade','blade',15000,'muscle'),
('Blazer','blazer',6500,'offroad'),
('Blazer Sport','blazer4',8500,'offroad'),
('blazer5','blazer5',1755600,'offroad'),
('Blista','blista',8000,'compacts'),
('BMX (velo)','bmx',160,'motorcycles'),
('Bobcat XL','bobcatxl',32000,'vans'),
('Brawler','brawler',45000,'offroad'),
('Brioso R/A','brioso',18000,'compacts'),
('Btype','btype',62000,'sportsclassics'),
('Btype Hotroad','btype2',155000,'sportsclassics'),
('Btype Luxe','btype3',85000,'sportsclassics'),
('Buccaneer','buccaneer',18000,'muscle'),
('Buccaneer Rider','buccaneer2',24000,'muscle'),
('Buffalo','buffalo',12000,'sports'),
('Buffalo S','buffalo2',20000,'sports'),
('Bullet','bullet',90000,'super'),
('Burrito','burrito3',19000,'vans'),
('Camper','camper',42000,'vans'),
('Carbonizzare','carbonizzare',75000,'sports'),
('Carbon RS','carbonrs',18000,'motorcycles'),
('Casco','casco',30000,'sportsclassics'),
('Cavalcade','cavalcade2',55000,'suvs'),
('Cheetah','cheetah',375000,'super'),
('Chimera','chimera',38000,'motorcycles'),
('Chino','chino',15000,'muscle'),
('Chino Luxe','chino2',19000,'muscle'),
('Cliffhanger','cliffhanger',9500,'motorcycles'),
('Cognoscenti Cabrio','cogcabrio',55000,'coupes'),
('Cognoscenti','cognoscenti',55000,'sedans'),
('Comet','comet2',65000,'sports'),
('Comet 5','comet5',1145000,'sports'),
('Contender','contender',70000,'suvs'),
('Coquette','coquette',65000,'sports'),
('Coquette Classic','coquette2',40000,'sportsclassics'),
('Coquette BlackFin','coquette3',55000,'muscle'),
('Cruiser (velo)','cruiser',510,'motorcycles'),
('Cyclone','cyclone',1890000,'super'),
('Daemon','daemon',11500,'motorcycles'),
('Daemon High','daemon2',13500,'motorcycles'),
('Defiler','defiler',9800,'motorcycles'),
('Deluxo','deluxo',4721500,'sportsclassics'),
('Dominator','dominator',35000,'muscle'),
('Double T','double',28000,'motorcycles'),
('Dubsta','dubsta',45000,'suvs'),
('Dubsta Luxuary','dubsta2',60000,'suvs'),
('Bubsta 6x6','dubsta3',120000,'offroad'),
('Dukes','dukes',28000,'muscle'),
('Dune Buggy','dune',8000,'offroad'),
('Elegy','elegy2',38500,'sports'),
('Emperor','emperor',8500,'sedans'),
('Enduro','enduro',5500,'motorcycles'),
('Entity XF','entityxf',425000,'super'),
('Esskey','esskey',4200,'motorcycles'),
('Exemplar','exemplar',32000,'coupes'),
('F620','f620',40000,'coupes'),
('Faction','faction',20000,'muscle'),
('Faction Rider','faction2',30000,'muscle'),
('Faction XL','faction3',40000,'muscle'),
('Faggio','faggio',1900,'motorcycles'),
('Vespa','faggio2',2800,'motorcycles'),
('Felon','felon',42000,'coupes'),
('Felon GT','felon2',55000,'coupes'),
('Feltzer','feltzer2',55000,'sports'),
('Stirling GT','feltzer3',65000,'sportsclassics'),
('Fixter (velo)','fixter',225,'motorcycles'),
('FMJ','fmj',185000,'super'),
('Fhantom','fq2',17000,'suvs'),
('Fugitive','fugitive',12000,'sedans'),
('Furore GT','furoregt',45000,'sports'),
('Fusilade','fusilade',40000,'sports'),
('Gargoyle','gargoyle',16500,'motorcycles'),
('Gauntlet','gauntlet',30000,'muscle'),
('Gang Burrito','gburrito',45000,'vans'),
('Burrito','gburrito2',29000,'vans'),
('Glendale','glendale',6500,'sedans'),
('Grabger','granger',50000,'suvs'),
('Gresley','gresley',47500,'suvs'),
('GT 500','gt500',785000,'sportsclassics'),
('Guardian','guardian',45000,'offroad'),
('Hakuchou','hakuchou',31000,'motorcycles'),
('Hakuchou Sport','hakuchou2',55000,'motorcycles'),
('Hermes','hermes',535000,'muscle'),
('Hexer','hexer',12000,'motorcycles'),
('Hotknife','hotknife',125000,'muscle'),
('Huntley S','huntley',40000,'suvs'),
('Hustler','hustler',625000,'muscle'),
('Infernus','infernus',180000,'super'),
('Innovation','innovation',23500,'motorcycles'),
('Intruder','intruder',7500,'sedans'),
('Issi','issi2',10000,'compacts'),
('Jackal','jackal',38000,'coupes'),
('Jester','jester',65000,'sports'),
('Jester(Racecar)','jester2',135000,'sports'),
('Journey','journey',6500,'vans'),
('Kamacho','kamacho',345000,'offroad'),
('Khamelion','khamelion',38000,'sports'),
('Kuruma','kuruma',30000,'sports'),
('Landstalker','landstalker',35000,'suvs'),
('RE-7B','le7b',325000,'super'),
('Lynx','lynx',40000,'sports'),
('Mamba','mamba',70000,'sports'),
('Manana','manana',12800,'sportsclassics'),
('Manchez','manchez',5300,'motorcycles'),
('Massacro','massacro',65000,'sports'),
('Massacro(Racecar)','massacro2',130000,'sports'),
('Mesa','mesa',16000,'suvs'),
('Mesa Trail','mesa3',40000,'suvs'),
('Minivan','minivan',13000,'vans'),
('Monroe','monroe',55000,'sportsclassics'),
('The Liberator','monster',210000,'offroad'),
('Moonbeam','moonbeam',18000,'vans'),
('Moonbeam Rider','moonbeam2',35000,'vans'),
('Nemesis','nemesis',5800,'motorcycles'),
('Neon','neon',1500000,'sports'),
('Nightblade','nightblade',35000,'motorcycles'),
('Nightshade','nightshade',65000,'muscle'),
('9F','ninef',65000,'sports'),
('9F Cabrio','ninef2',80000,'sports'),
('Omnis','omnis',35000,'sports'),
('Oppressor','oppressor',3524500,'super'),
('Oracle XS','oracle2',35000,'coupes'),
('Osiris','osiris',160000,'super'),
('Panto','panto',10000,'compacts'),
('Paradise','paradise',19000,'vans'),
('Pariah','pariah',1420000,'sports'),
('Patriot','patriot',55000,'suvs'),
('PCJ-600','pcj',6200,'motorcycles'),
('Penumbra','penumbra',28000,'sports'),
('Pfister','pfister811',85000,'super'),
('Phoenix','phoenix',12500,'muscle'),
('Picador','picador',18000,'muscle'),
('Pigalle','pigalle',20000,'sportsclassics'),
('Prairie','prairie',12000,'compacts'),
('Premier','premier',8000,'sedans'),
('Primo Custom','primo2',14000,'sedans'),
('X80 Proto','prototipo',2500000,'super'),
('Radius','radi',29000,'suvs'),
('raiden','raiden',1375000,'sports'),
('Rapid GT','rapidgt',35000,'sports'),
('Rapid GT Convertible','rapidgt2',45000,'sports'),
('Rapid GT3','rapidgt3',885000,'sportsclassics'),
('Reaper','reaper',150000,'super'),
('Rebel','rebel2',35000,'offroad'),
('Regina','regina',5000,'sedans'),
('Retinue','retinue',615000,'sportsclassics'),
('Revolter','revolter',1610000,'sports'),
('riata','riata',380000,'offroad'),
('Rocoto','rocoto',45000,'suvs'),
('Ruffian','ruffian',6800,'motorcycles'),
('Ruiner 2','ruiner2',5745600,'muscle'),
('Rumpo','rumpo',15000,'vans'),
('Rumpo Trail','rumpo3',19500,'vans'),
('Sabre Turbo','sabregt',20000,'muscle'),
('Sabre GT','sabregt2',25000,'muscle'),
('Sanchez','sanchez',5300,'motorcycles'),
('Sanchez Sport','sanchez2',5300,'motorcycles'),
('Sanctus','sanctus',25000,'motorcycles'),
('Sandking','sandking',55000,'offroad'),
('Savestra','savestra',990000,'sportsclassics'),
('SC 1','sc1',1603000,'super'),
('Schafter','schafter2',25000,'sedans'),
('Schafter V12','schafter3',50000,'sports'),
('Scorcher (velo)','scorcher',280,'motorcycles'),
('Seminole','seminole',25000,'suvs'),
('Sentinel','sentinel',32000,'coupes'),
('Sentinel XS','sentinel2',40000,'coupes'),
('Sentinel3','sentinel3',650000,'sports'),
('Seven 70','seven70',39500,'sports'),
('ETR1','sheava',220000,'super'),
('Shotaro Concept','shotaro',320000,'motorcycles'),
('Slam Van','slamvan3',11500,'muscle'),
('Sovereign','sovereign',22000,'motorcycles'),
('Stinger','stinger',80000,'sportsclassics'),
('Stinger GT','stingergt',75000,'sportsclassics'),
('Streiter','streiter',500000,'sports'),
('Stretch','stretch',90000,'sedans'),
('Stromberg','stromberg',3185350,'sports'),
('Sultan','sultan',15000,'sports'),
('Sultan RS','sultanrs',65000,'super'),
('Super Diamond','superd',130000,'sedans'),
('Surano','surano',50000,'sports'),
('Surfer','surfer',12000,'vans'),
('T20','t20',300000,'super'),
('Tailgater','tailgater',30000,'sedans'),
('Tampa','tampa',16000,'muscle'),
('Drift Tampa','tampa2',80000,'sports'),
('Thrust','thrust',24000,'motorcycles'),
('Tri bike (velo)','tribike3',520,'motorcycles'),
('Trophy Truck','trophytruck',60000,'offroad'),
('Trophy Truck Limited','trophytruck2',80000,'offroad'),
('Tropos','tropos',40000,'sports'),
('Turismo R','turismor',350000,'super'),
('Tyrus','tyrus',600000,'super'),
('Vacca','vacca',120000,'super'),
('Vader','vader',7200,'motorcycles'),
('Verlierer','verlierer2',70000,'sports'),
('Vigero','vigero',12500,'muscle'),
('Virgo','virgo',14000,'muscle'),
('Viseris','viseris',875000,'sportsclassics'),
('Visione','visione',2250000,'super'),
('Voltic','voltic',90000,'super'),
('Voltic 2','voltic2',3830400,'super'),
('Voodoo','voodoo',7200,'muscle'),
('Vortex','vortex',9800,'motorcycles'),
('Warrener','warrener',4000,'sedans'),
('Washington','washington',9000,'sedans'),
('Windsor','windsor',95000,'coupes'),
('Windsor Drop','windsor2',125000,'coupes'),
('Woflsbane','wolfsbane',9000,'motorcycles'),
('XLS','xls',32000,'suvs'),
('Yosemite','yosemite',485000,'muscle'),
('Youga','youga',10800,'vans'),
('Youga Luxuary','youga2',14500,'vans'),
('Z190','z190',900000,'sportsclassics'),
('Zentorno','zentorno',1500000,'super'),
('Zion','zion',36000,'coupes'),
('Zion Cabrio','zion2',45000,'coupes'),
('Zombie','zombiea',9500,'motorcycles'),
('Zombie Luxuary','zombieb',12000,'motorcycles'),
('Z-Type','ztype',220000,'sportsclassics');
/*!40000 ALTER TABLE `vehicles` ENABLE KEYS */;
UNLOCK TABLES;

--
-- Table structure for table `whitelist`
--

DROP TABLE IF EXISTS `whitelist`;
/*!40101 SET @saved_cs_client     = @@character_set_client */;
/*!40101 SET character_set_client = utf8mb4 */;
CREATE TABLE `whitelist` (
  `identifier` varchar(60) NOT NULL
) ENGINE=InnoDB DEFAULT CHARSET=utf8mb3 COLLATE=utf8mb3_uca1400_ai_ci;
/*!40101 SET character_set_client = @saved_cs_client */;

--
-- Dumping data for table `whitelist`
--

LOCK TABLES `whitelist` WRITE;
/*!40000 ALTER TABLE `whitelist` DISABLE KEYS */;
/*!40000 ALTER TABLE `whitelist` ENABLE KEYS */;
UNLOCK TABLES;
/*!40103 SET TIME_ZONE=@OLD_TIME_ZONE */;

/*!40101 SET SQL_MODE=@OLD_SQL_MODE */;
/*!40014 SET FOREIGN_KEY_CHECKS=@OLD_FOREIGN_KEY_CHECKS */;
/*!40014 SET UNIQUE_CHECKS=@OLD_UNIQUE_CHECKS */;
/*!40101 SET CHARACTER_SET_CLIENT=@OLD_CHARACTER_SET_CLIENT */;
/*!40101 SET CHARACTER_SET_RESULTS=@OLD_CHARACTER_SET_RESULTS */;
/*!40101 SET COLLATION_CONNECTION=@OLD_COLLATION_CONNECTION */;
/*M!100616 SET NOTE_VERBOSITY=@OLD_NOTE_VERBOSITY */;

-- Dump completed on 2025-07-18  0:36:56
